{"id":3348,"date":"2022-04-02T14:45:29","date_gmt":"2022-04-02T07:45:29","guid":{"rendered":"http:\/\/vitamin.demo.xemwebmau.com\/?post_type=product&#038;p=3348"},"modified":"2022-04-06T10:22:28","modified_gmt":"2022-04-06T03:22:28","slug":"vien-uong-melatonin-puritans-pride-giup-ngu-ngon","status":"publish","type":"product","link":"https:\/\/vitamin.webmaudep.net\/?product=vien-uong-melatonin-puritans-pride-giup-ngu-ngon","title":{"rendered":"Vi\u00ean u\u1ed1ng Melatonin puritan&#8217;s pride 5mg, l\u1ecd 60 vi\u00ean gi\u00fap ng\u1ee7 ngon"},"content":{"rendered":"<h2 style=\"text-align: center;\"><span style=\"color: #008000;\"><strong>Vi\u00ean u\u1ed1ng Melatonin puritan&#8217;s pride 5mg, l\u1ecd 60 vi\u00ean gi\u00fap ng\u1ee7 ngon<\/strong><\/span><\/h2>\n<p style=\"text-align: center;\"><em><span style=\"color: #000080;\"><strong>Puritan\u2019s pride Extra Strength Melatonin<\/strong><\/span><\/em><\/p>\n<p style=\"text-align: center;\"><strong>\u00a0<\/strong><\/p>\n<h3 style=\"text-align: justify;\"><strong>Th\u00f4ng tin s\u1ea3n ph\u1ea9m:<\/strong><\/h3>\n<p style=\"text-align: justify;\">S\u1ea3n ph\u1ea9m: Vi\u00ean u\u1ed1ng Melatonin Puritan&#8217;s Pride<\/p>\n<p style=\"text-align: justify;\">D\u1ea1ng b\u00e0o ch\u1ebf: Vi\u00ean n\u00e9n<\/p>\n<p style=\"text-align: justify;\">H\u00e3ng s\u1ea3n xu\u1ea5t: Puritan&#8217;s Pride<\/p>\n<p style=\"text-align: justify;\">Xu\u1ea5t x\u1ee9: M\u1ef9<\/p>\n<h3 style=\"text-align: justify;\"><strong>Melatonin c\u1ee7a Puritan c\u00f3 m\u1ea5y lo\u1ea1i?<\/strong><\/h3>\n<p style=\"text-align: justify;\">V\u1edbi danh ti\u1ebfng l\u00e0 h\u00e3ng s\u1ea3n xu\u1ea5t th\u1ef1c ph\u1ea9m ch\u1ee9c n\u0103ng b\u1ea3o v\u1ec7 s\u1ee9c kh\u1ecfe l\u1edbn \u0111\u1ee9ng \u0111\u1ea7u M\u1ef9 v\u1edbi danh m\u1ee5c s\u1ea3n ph\u1ea9m r\u1ea5t kh\u1ee7ng v\u1edbi tr\u00ean 2000 s\u1ea3n ph\u1ea9m n\u00ean m\u1ed7i d\u00f2ng <a href=\"http:\/\/vitamin.webmaudep.net\/san-pham\/com-tang-can-bach-mai\/\">s\u1ea3n ph\u1ea9m<\/a> \u0111\u1ec1u c\u00f3 nhi\u1ec1u lo\u1ea1i h\u00e0m l\u01b0\u1ee3ng. V\u00ec v\u1eady, \u0111i\u1ec1u n\u00e0y v\u1eeba gi\u00fap ng\u01b0\u1eddi d\u00f9ng c\u00f3 th\u1ec3 d\u00f9ng d\u1ea1ng h\u00e0m l\u01b0\u1ee3ng ph\u00f9 h\u1ee3p v\u1edbi m\u00ecnh nh\u01b0ng c\u0169ng g\u00e2y r\u1ed1i cho ng\u01b0\u1eddi d\u00f9ng khi l\u1ea7n \u0111\u1ea7u t\u00ecm hi\u1ec3u v\u1ec1 s\u1ea3n ph\u1ea9m.<\/p>\n<p style=\"text-align: justify;\">V\u1edbi s\u1ea3n ph\u1ea9m Melatonin c\u1ee7a h\u00e3ng Puritan, hi\u1ec7n nay nh\u00e0 s\u1ea3n xu\u1ea5t c\u00f3 cho ra th\u1ecb tr\u01b0\u1eddng 3 lo\u1ea1i h\u00e0m l\u01b0\u1ee3ng, \u0111\u00f3 l\u00e0: Melatonin 3mg, Melatonin 5mg, Melatonin 10mg.<\/p>\n<p style=\"text-align: justify;\">&#8211; V\u1edbi Melatonin 3mg th\u00ec c\u00f3 d\u1ea1ng l\u1ecd 120 vi\u00ean, 240 vi\u00ean.<\/p>\n<p style=\"text-align: justify;\">&#8211; V\u1edbi Melatonin 5 mg th\u00ec c\u00f3 d\u1ea1ng l\u1ecd 60 vi\u00ean, 120 vi\u00ean.<\/p>\n<p style=\"text-align: justify;\">&#8211; V\u1edbi Melatonin 10mg th\u00ec c\u00f3 d\u1ea1ng l\u1ecd 60 vi\u00ean v\u00e0 120 vi\u00ean.<\/p>\n<p style=\"text-align: justify;\">Nh\u01b0 v\u1eady, Melatonin do h\u00e3ng Puritan s\u1ea3n xu\u1ea5t t\u00ednh \u0111\u1ebfn th\u1eddi \u0111i\u1ec3m hi\u1ec7n t\u1ea1i (n\u0103m 2022) s\u1ebd c\u00f3 6 d\u1ea1ng \u0111\u00f3ng l\u1ecd v\u1edbi <a href=\"http:\/\/vitamin.webmaudep.net\/san-pham\/men-colibacter\/\">h\u00e0m l\u01b0\u1ee3ng<\/a> ho\u1eb7c s\u1ed1 vi\u00ean kh\u00e1c nhau. T\u01b0\u01a1ng \u1ee9ng v\u1edbi m\u1ed7i lo\u1ea1i h\u00e0m l\u01b0\u1ee3ng v\u00e0 vi\u00ean \u0111\u00f3ng l\u1ecd s\u1ebd c\u00f3 m\u1ee9c gi\u00e1 kh\u00e1c nhau, n\u00ean Melatonin c\u1ee7a h\u00e3ng Puritan s\u1ebd x\u00e2y d\u1ef1ng \u1edf 6 lo\u1ea1i gi\u00e1 s\u1ea3n ph\u1ea9m kh\u00e1c nhau. \u0110i\u1ec1u n\u00e0y c\u0169ng kh\u00e1 g\u00e2y r\u1ed1i cho ng\u01b0\u1eddi ti\u00eau d\u00f9ng <a href=\"http:\/\/vitamin.webmaudep.net\/san-pham\/men-song-bach-mai-hop-20-ong\/\">ph\u1ea3i kh\u00f4ng<\/a> c\u00e1c b\u1ea1n?<\/p>\n<p><img decoding=\"async\" loading=\"lazy\" class=\"aligncenter wp-image-3349 \" src=\"http:\/\/vitamin.webmaudep.net\/wp-content\/uploads\/2022\/04\/c6a317a2e6158b635310bd1f2d26dcda.jpg\" alt=\"\" width=\"649\" height=\"649\" srcset=\"https:\/\/vitamin.webmaudep.net\/wp-content\/uploads\/2022\/04\/c6a317a2e6158b635310bd1f2d26dcda.jpg 843w, https:\/\/vitamin.webmaudep.net\/wp-content\/uploads\/2022\/04\/c6a317a2e6158b635310bd1f2d26dcda-300x300.jpg 300w, https:\/\/vitamin.webmaudep.net\/wp-content\/uploads\/2022\/04\/c6a317a2e6158b635310bd1f2d26dcda-150x150.jpg 150w, https:\/\/vitamin.webmaudep.net\/wp-content\/uploads\/2022\/04\/c6a317a2e6158b635310bd1f2d26dcda-768x768.jpg 768w, https:\/\/vitamin.webmaudep.net\/wp-content\/uploads\/2022\/04\/c6a317a2e6158b635310bd1f2d26dcda-600x600.jpg 600w, https:\/\/vitamin.webmaudep.net\/wp-content\/uploads\/2022\/04\/c6a317a2e6158b635310bd1f2d26dcda-100x100.jpg 100w\" sizes=\"(max-width: 649px) 100vw, 649px\" \/><\/p>\n<h3 style=\"text-align: justify;\"><strong>Gi\u1edbi thi\u1ec7u<\/strong> <strong>Vi\u00ean u\u1ed1ng Melatonin puritan&#8217;s pride<\/strong><\/h3>\n<p style=\"text-align: justify;\">Th\u1ef1c ph\u1ea9m ch\u1ee9c n\u0103ng H\u1ed7 Tr\u1ee3 M\u1ea5t Ng\u1ee7 Melatonin c\u1ee7a h\u00e3ng Puritan\u2019s Pride l\u00e0 m\u1ed9t trong nh\u1eefng thu\u1ed1c ch\u1ed1ng m\u1ea5t ng\u1ee7 hi\u1ec7u qu\u1ea3 nh\u1ea5t tr\u00ean th\u1ebf gi\u1edbi hi\u1ec7n nay.<\/p>\n<p style=\"text-align: justify;\">Melatonin l\u00e0 m\u1ed9t hormone t\u1ef1 nhi\u00ean \u0111\u01b0\u1ee3c s\u1ea3n xu\u1ea5t trong c\u01a1 th\u1ec3 v\u00e0 c\u00f3 li\u00ean quan ch\u1eb7t ch\u1ebd trong chu k\u1ef3 c\u1ee7a gi\u1ea5c ng\u1ee7 t\u1ef1 nhi\u00ean. B\u1ea3n ch\u1ea5t sinh h\u1ecdc c\u1ee7a\u00a0 melatonin l\u00e0 m\u1ed9t n\u1ed9i ti\u1ebft t\u1ed1 t\u1ef1 nhi\u00ean do c\u01a1 th\u1ec3 ti\u1ebft ra v\u00e0 n\u00f3 th\u01b0\u1eddng \u0111\u01b0\u1ee3c ti\u1ebft nhi\u1ec1u v\u00e0o ban \u0111\u00eam. Vi\u00ean u\u1ed1ng puritan&#8217;s pride super strength melatonin l\u00e0 m\u1ed9t s\u1ef1 l\u1ef1a ch\u1ecdn tuy\u1ec7t v\u1eddi \u0111\u1ec3 gi\u1ea3i quy\u1ebft t\u00ecnh tr\u1ea1ng m\u1ea5t ng\u1ee7 th\u01b0\u1eddng xuy\u00ean, gi\u00fap b\u1ea1n d\u1ec5 ng\u1ee7 v\u00e0 duy tr\u00ec gi\u1ea5c ng\u1ee7 d\u00e0i h\u01a1n.<\/p>\n<h3 style=\"text-align: justify;\"><strong>Th\u00e0nh ph\u1ea7n c\u1ee7a s\u1ea3n ph\u1ea9m Puritan&#8217;s pride melatonin<\/strong><\/h3>\n<p style=\"text-align: justify;\">B\u1ea3ng th\u00e0nh ph\u1ea7n c\u1ee7a Melatonin Puritan\u2019s Pride ch\u00ednh l\u00e0 \u201cv\u0169 kh\u00ed\u201d gi\u00fap s\u1ea3n ph\u1ea9m n\u00e0y c\u00f3 s\u1ef1 kh\u00e1c bi\u1ec7t n\u1ed5i b\u1eadt trong d\u00f2ng th\u1ef1c ph\u1ea9m ch\u1ee9c n\u0103ng h\u1ed7 tr\u1ee3 gi\u1ea5c ng\u1ee7. B\u1ea3ng th\u00e0nh ph\u1ea7n c\u1ee7a Melatonin 3mg Puritan\u2019s Pride bao g\u1ed3m:<\/p>\n<p style=\"text-align: justify;\">Melatonin: 3mg ho\u1eb7c Melatonin 5mg ho\u1eb7c Melatonin 10mg.<\/p>\n<p style=\"text-align: justify;\">C\u00e1c th\u00e0nh ph\u1ea7n kh\u00e1c: Dextrose, Silica, Cellulose, Croscarmellose, rau Magnesium Stearate.<\/p>\n<p style=\"text-align: justify;\">Th\u00e0nh ph\u1ea7n ch\u00ednh l\u00e0 Melatonin. \u0110\u00e2y l\u00e0 m\u1ed9t lo\u1ea1i hormone t\u1ef1 nhi\u00ean trong c\u01a1 th\u1ec3, c\u00f3 li\u00ean quan r\u1ea5t ch\u1eb7t ch\u1ebd \u0111\u1ebfn chu k\u1ef3 c\u1ee7a gi\u1ea5c ng\u1ee7 t\u1ef1 nhi\u00ean. Ho\u1ea1t ch\u1ea5t n\u00e0y c\u00f3 th\u1ec3 gi\u00fap m\u1ed7i ng\u01b0\u1eddi c\u00f3 \u0111\u01b0\u1ee3c t\u00e2m tr\u1ea1ng tho\u1ea3i m\u00e1i, y\u00ean t\u0129nh, ng\u1ee7 gi\u1ea5c s\u00e2u.<\/p>\n<p style=\"text-align: justify;\">Theo c\u00e1c nghi\u00ean c\u1ee9u, Melatonin c\u00f3 th\u1ec3 \u0111i\u1ec1u h\u00f2a gi\u1ea5c ng\u1ee7 \u1edf ng\u01b0\u1eddi b\u1ecb suy nh\u01b0\u1ee3c th\u1ea7n kinh, stress ho\u1eb7c \u0111au \u0111\u1edbn. C\u00f3 th\u1ec3 gi\u00fap \u0111i\u1ec1u h\u00f2a nh\u1ecbp \u0111\u1ed9 sinh h\u1ecdc c\u1ee7a c\u01a1 th\u1ec3 cho ng\u01b0\u1eddi th\u01b0\u1eddng xuy\u00ean ph\u1ea3i thay \u0111\u1ed5i gi\u1edd gi\u1ea5c sinh ho\u1ea1t. Ngo\u00e0i ra ho\u1ea1t ch\u1ea5t n\u00e0y c\u00f3 th\u1ec3 t\u00e1i t\u1ea1o \u0111\u01b0\u1ee3c gi\u1ea5c ng\u1ee7 t\u1ef1 nhi\u00ean, c\u1ea3i thi\u1ec7n gi\u1ea5c ng\u1ee7 r\u1ea5t t\u1ed1t.<\/p>\n<p style=\"text-align: center;\"><span style=\"color: #0000ff;\"><strong>VITAMINTOT.COM<\/strong><\/span><\/p>\n<p style=\"text-align: center;\"><span style=\"color: #0000ff;\"><strong>UY T\u00cdN H\u00c0NG \u0110\u1ea6U \u2013 TR\u1eccN V\u1eb8N NI\u1ec0M TIN<\/strong><\/span><\/p>\n<h3 style=\"text-align: justify;\"><strong>H\u01b0\u1edbng d\u1eabn s\u1eed d\u1ee5ng melatonin c\u1ee7a puritan<\/strong><\/h3>\n<p style=\"text-align: justify;\">C\u00e1c s\u1ea3n ph\u1ea9m b\u1ed5 tr\u1ee3 s\u1ee9c kh\u1ecfe ch\u1ec9 \u0111\u1ea1t \u0111\u01b0\u1ee3c hi\u1ec7u qu\u1ea3 t\u1ed1t nh\u1ea5t n\u1ebfu ng\u01b0\u1eddi d\u00f9ng s\u1eed d\u1ee5ng s\u1ea3n ph\u1ea9m \u0111\u00fang v\u1edbi h\u01b0\u1edbng d\u1eabn nh\u01b0 sau:<\/p>\n<p style=\"text-align: justify;\">Li\u1ec1u d\u00f9ng: S\u1eed d\u1ee5ng 1 vi\u00ean u\u1ed1ng\/ng\u00e0y.<\/p>\n<p style=\"text-align: justify;\">C\u00e1ch d\u00f9ng: U\u1ed1ng 1 vi\u00ean u\u1ed1ng Melatonin tr\u01b0\u1edbc khi \u0111i ng\u1ee7 t\u1eeb 30 ph\u00fat \u0111\u1ebfn kho\u1ea3ng 1 gi\u1edd \u0111\u1ed3ng h\u1ed3. Ho\u1eb7c ng\u01b0\u1eddi d\u00f9ng c\u00f3 th\u1ec3 s\u1eed d\u1ee5ng vi\u00ean u\u1ed1ng khi b\u1ecb m\u1ea5t ng\u1ee7.<\/p>\n<p style=\"text-align: justify;\">B\u1ea3o qu\u1ea3n s\u1ea3n ph\u1ea9m: B\u1ea3o qu\u1ea3n s\u1ea3n ph\u1ea9m trong h\u1ed9p k\u00edn, tr\u00e1nh \u00e1nh n\u1eafng tr\u1ef1c ti\u1ebfp, tr\u00e1nh c\u00e1c khu v\u1ef1c nhi\u1ec7t \u0111\u1ed9 cao, \u1ea9m th\u1ea5p, n\u1ea5m m\u1ed1c v\u00e0 tr\u00e1nh t\u1ea7m v\u1edbi c\u1ee7a tr\u1ebb.<\/p>\n<h3 style=\"text-align: justify;\"><strong>C\u00f4ng d\u1ee5ng melatonin puritan&#8217;s pride<\/strong><\/h3>\n<p style=\"text-align: justify;\">Thu\u1ed1c Melatonin gi\u00fap \u0111i\u1ec1u h\u00f2a gi\u1ea5c ng\u1ee7 v\u00e0 \u0111i\u1ec1u tr\u1ecb c\u00e1c ch\u1ee9ng b\u1ec7nh m\u1ea5t ng\u1ee7 do nhi\u1ec1u nguy\u00ean nh\u00e2n g\u00e2y ra nh\u01b0: c\u0103ng th\u1eb3ng th\u1ea7n kinh, th\u01b0\u1eddng xuy\u00ean b\u1ecb stress, thi\u1ebfu ng\u1ee7 l\u00e2u ng\u00e0y, b\u1ecb thay \u0111\u1ed5i m\u00fai gi\u1edd,\u2026<\/p>\n<p style=\"text-align: justify;\">L\u01b0\u1ee3ng Anti-oxidant trong thu\u1ed1c Melatonin gi\u00fap ng\u0103n c\u1ea3n c\u00e1c t\u00e1c \u0111\u1ed9ng c\u1ee7a c\u00e1c g\u1ed1c oxy h\u00f3a v\u00e0 \u0111i\u1ec1u h\u00f2a t\u0103ng ti\u1ebft growth hormone, c\u00f3 th\u1ebf ng\u0103n ng\u1eeba c\u00e1c lo\u1ea1i ung th\u01b0 nh\u01b0: ung th\u01b0 ph\u1ed5i, ung th\u01b0 n\u00e3o, ung th\u01b0 v\u00fa v\u00e0 tuy\u1ebfn ti\u1ec1n li\u1ec7t<\/p>\n<p style=\"text-align: justify;\">Ngo\u00e0i ra thu\u1ed1c Melatonin c\u1ee7a Puritan`s Pride gi\u00fap c\u1ea3i thi\u1ec7n gi\u1ea5c ng\u1ee7, t\u1ea1o gi\u1ea5c ng\u1ee7 s\u00e2u h\u01a1n, c\u1ea3i thi\u1ec7n t\u00ecnh tr\u1ea1ng\u00a0 m\u1ec7t m\u1ecfi do m\u1ea5t ng\u1ee7 g\u00e2y ra.<\/p>\n<h3 style=\"text-align: justify;\"><strong>Ch\u1ec9 \u0111\u1ecbnh melatonin 3 mg puritan&#8217;s pride<\/strong><\/h3>\n<p style=\"text-align: justify;\">Nh\u1eefng ng\u01b0\u1eddi l\u1edbn tu\u1ed5i d\u1ec5 b\u1ecb m\u1ea5t ng\u1ee7, thi\u1ebfu ng\u1ee7<\/p>\n<p style=\"text-align: justify;\">Ng\u01b0\u1eddi l\u00e0m vi\u1ec7c qu\u00e1 c\u0103ng th\u1eb3ng, stress g\u00e2y kh\u00f3 ng\u1ee7, ch\u1eadp ch\u1eddn<\/p>\n<p style=\"text-align: justify;\">Ph\u1ee5 n\u1eef giai \u0111o\u1ea1n ti\u1ec1n m\u00e3n kinh, c\u0169ng r\u1ea5t d\u1ec5 b\u1ecb m\u1ea5t ng\u1ee7<\/p>\n<p style=\"text-align: justify;\">Ng\u01b0\u1eddi l\u00e0m tr\u00e1i ca, l\u00e0m ban \u0111\u00eam,<\/p>\n<p style=\"text-align: justify;\">Ng\u01b0\u1eddi v\u1eeba thay \u0111\u1ed5i m\u00fai gi\u1edd, c\u01a1 th\u1ec3 ch\u01b0a th\u00edch nghi, d\u1eabn \u0111\u1ebfn m\u1ea5t ng\u1ee7<\/p>\n<h3 style=\"text-align: justify;\"><strong>Ch\u1ed1ng ch\u1ec9 \u0111\u1ecbnh<\/strong><\/h3>\n<p style=\"text-align: justify;\">Tuy\u1ec7t \u0111\u1ed1i kh\u00f4ng s\u1eed d\u1ee5ng Melatonin cho tr\u1ebb em.<\/p>\n<p style=\"text-align: justify;\">Kh\u00f4ng s\u1eed d\u1ee5ng cho thai ph\u1ee5, s\u1ea3n ph\u1ee5.<\/p>\n<p style=\"text-align: justify;\">Ng\u01b0\u1eddi v\u1eadn h\u00e0nh m\u00e1y m\u00f3c, l\u00e1i xe ho\u1eb7c c\u00e1c c\u00f4ng vi\u1ec7c c\u1ea7n t\u1eadp trung cao \u0111\u1ed9 ph\u1ea3i th\u1eadn tr\u1ecdng khi s\u1eed d\u1ee5ng s\u1ea3n ph\u1ea9m.<\/p>\n<p style=\"text-align: justify;\">Gi\u1edbi h\u1ea1n s\u1eed d\u1ee5ng trong hai th\u00e1ng v\u1edbi th\u1eddi gian ngh\u1ec9 m\u1ed9t tu\u1ea7n.<\/p>\n<h3 style=\"text-align: justify;\"><strong>\u01afu \u0111i\u1ec3m c\u1ee7a melatonin puritan&#8217;s pride<\/strong><\/h3>\n<p style=\"text-align: justify;\">S\u1ea3n ph\u1ea9m \u0111\u01b0\u1ee3c b\u00e0o ch\u1ebf v\u1edbi c\u00f4ng th\u1ee9c \u0111\u1ed9c \u0111\u00e1o, v\u1edbi th\u00e0nh ph\u1ea7n ch\u00ednh l\u00e0 hormone gi\u1ed1ng v\u1edbi c\u01a1 th\u1ec3 n\u00ean r\u1ea5t an to\u00e0n v\u00e0 th\u00e2n thi\u1ec7n cho ng\u01b0\u1eddi d\u00f9ng.<\/p>\n<p style=\"text-align: justify;\">S\u1ea3n ph\u1ea9m kh\u00f4ng ch\u1ee9a s\u1eefa, men, tr\u1ee9ng, tinh b\u1ed9t, mu\u1ed1i, ch\u1ea5t b\u1ea3o qu\u1ea3n, ch\u1ea5t t\u1ea1o m\u00e0u t\u1ea1o m\u00f9i.<\/p>\n<p style=\"text-align: justify;\">S\u1ea3n ph\u1ea9m \u0111\u01b0\u1ee3c ki\u1ec3m \u0111\u1ecbnh an to\u00e0n v\u00e0 kh\u00f4ng g\u00e2y ra t\u00e1c d\u1ee5ng ph\u1ee5 cho ng\u01b0\u1eddi s\u1eed d\u1ee5ng.<\/p>\n<p style=\"text-align: justify;\">S\u1ea3n ph\u1ea9m c\u00f3 nhi\u1ec1u d\u1ea1ng h\u00e0m l\u01b0\u1ee3ng 3mg, 5mg, 10 mg n\u00ean ph\u00f9 h\u1ee3p v\u1edbi nhi\u1ec1u \u0111\u1ed1i t\u01b0\u1ee3ng c\u00f3 c\u00e2n n\u1eb7ng v\u00e0 t\u00ecnh tr\u1ea1ng kh\u00f3 ng\u1ee7 kh\u00e1c nhau.<\/p>\n<h3 style=\"text-align: justify;\"><strong>C\u00e2u h\u1ecfi th\u01b0\u1eddng g\u1eb7p v\u1ec1 vi\u00ean u\u1ed1ng Puritan\u2019s Pride Melatonin 3mg, 5mg v\u00e0 10mg:<\/strong><\/h3>\n<p style=\"text-align: justify;\"><em>U\u1ed1ng nhi\u1ec1u Melatonin c\u00f3 \u1ea3nh h\u01b0\u1edfng \u0111\u1ebfn th\u1ea7n kinh kh\u00f4ng?<\/em><\/p>\n<p style=\"text-align: justify;\">N\u1ebfu nh\u01b0 b\u1ea1n kh\u00f4ng l\u1ea1m d\u1ee5ng Melatonin, u\u1ed1ng \u0111\u00fang li\u1ec1u quy \u0111\u1ecbnh ho\u1eb7c theo ch\u1ec9 d\u1eabn b\u00e1c s\u0129 th\u00ec s\u1ebd kh\u00f4ng g\u00e2y ra t\u00e1c d\u1ee5ng ph\u1ee5 kh\u00f4ng mong mu\u1ed1n n\u00e0o.<\/p>\n<p style=\"text-align: justify;\"><em>Vi\u00ean u\u1ed1ng Puritan\u2019s Pride Melatonin c\u00f3 g\u00e2y t\u00e1o b\u00f3n?<\/em><\/p>\n<p style=\"text-align: justify;\">Melatonin c\u1ea3i thi\u1ec7n b\u1ec7nh m\u1ea5t ng\u1ee7 c\u00f3 th\u00e0nh ph\u1ea7n Melatonin ch\u1ed1ng oxy ho\u00e1 m\u1ea1nh cho c\u00e1c t\u1ebf b\u00e0o cho n\u00ean c\u01a1 th\u1ec3 b\u1ea1n khi ti\u1ebfp nh\u1eadn Melatonin 3mg, 5mg, 10mg s\u1ebd kh\u00f4i ph\u1ee5c c\u00e1c t\u1ebf b\u00e0o b\u1ecb h\u01b0 h\u1ecfng, thi\u1ebfu h\u1ee5t Melatonin. Ch\u00ednh v\u00ec v\u1eady Melatonin kh\u00f4ng \u1ea3nh h\u01b0\u1edfng \u0111\u1ebfn \u0111\u01b0\u1eddng ru\u1ed9t b\u1ea1n.<\/p>\n<p style=\"text-align: justify;\"><em>Melatonin 3mg, 5mg ho\u1eb7c 10mg c\u00f3 g\u00e2y l\u1eeb \u0111\u1eeb, v\u1eadt v\u00e3 ho\u1eb7c m\u00ea man kh\u00f4ng?<\/em><\/p>\n<p style=\"text-align: justify;\">Puritan\u2019s Pride Melatonin l\u00e0 vi\u00ean u\u1ed1ng h\u1ed7 tr\u1ee3 gi\u1ea5c ng\u1ee7 bu\u1ed5i t\u1ed1i \u0111\u01b0\u1ee3c ngon gi\u1ea5c, gi\u00fap b\u1ea1n ng\u1ee7 ngon v\u00e0 s\u00e2u gi\u1ea5c, ch\u1ee9 kh\u00f4ng c\u00f3 t\u00e1c d\u1ee5ng g\u00e2y m\u00ea n\u00ean sau khi th\u1ee9c gi\u1ea5c b\u1ea1n s\u1ebd c\u00f3 c\u1ea3m gi\u00e1c t\u1ec9nh t\u00e1o, kho\u1ebb kho\u1eafn ng\u01b0\u1eddi h\u01a1n.<\/p>\n<p style=\"text-align: center;\">\n","protected":false},"excerpt":{"rendered":"<p style=\"text-align: center;\"><strong><span style=\"color: #008000; font-size: 16px;\"><em>S\u1ea3n ph\u1ea9m th\u1ea3o d\u01b0\u1ee3c c\u1ee7a Puritan\u2019s Pride \u2013 M\u1ef9<\/em><\/span><\/strong><\/p>\n<p style=\"text-align: center;\">\n<p style=\"text-align: center;\"><strong><span style=\"font-size: 16px;\">\u0110i\u1ec1u h\u00f2a gi\u1ea5c ng\u1ee7 v\u00e0 \u0111i\u1ec1u tr\u1ecb c\u00e1c ch\u1ee9ng b\u1ec7nh m\u1ea5t ng\u1ee7<\/span><\/strong><\/p>\n<p style=\"text-align: center;\">\n<p style=\"text-align: center;\"><strong><span style=\"font-size: 16px;\">T\u1ea1o gi\u1ea5c ng\u1ee7 s\u00e2u h\u01a1n<\/span><\/strong><\/p>\n<p style=\"text-align: center;\">\n<p style=\"text-align: center;\"><strong><span style=\"font-size: 16px;\">C\u1ea3i thi\u1ec7n t\u00ecnh tr\u1ea1ng\u00a0 m\u1ec7t m\u1ecfi do m\u1ea5t ng\u1ee7 g\u00e2y ra<\/span><\/strong><\/p>\n<p>&nbsp;<\/p>\n<p><span style=\"color: #000000;\"><strong><span style=\"font-size: 16px;\">GI\u00c1 B\u00c1N MELATONIN C\u1ee6A H\u00c3NG PURITAN &#8216;S PRIDE<\/span><\/strong><\/span><\/p>\n<p style=\"text-align: center;\"><span style=\"color: #000000;\"><strong><span style=\"font-size: 16px;\">MELATONIN 10MG, L\u1ecc 60 VI\u00caN\u00a0 \u00a0 : 250.000 NV\u0110<\/span><\/strong><\/span><\/p>\n<p style=\"text-align: center;\"><span style=\"color: #000000;\"><strong><span style=\"font-size: 16px;\">MELATONIN 10MG, L\u1ecc 120 VI\u00caN\u00a0 : 490.000 VN\u0110<\/span><\/strong><\/span><\/p>\n<p style=\"text-align: center;\"><span style=\"color: #000000;\"><strong><span style=\"font-size: 16px;\">MELATONIN 5MG, L\u1ecc 60 VI\u00caN\u00a0 \u00a0 \u00a0 : 250.000 VN\u0110<\/span><\/strong><\/span><\/p>\n<p style=\"text-align: center;\"><span style=\"color: #000000;\"><strong><span style=\"font-size: 16px;\">MELATONIN 5MG, L\u1ecc 120 VI\u00caN\u00a0 \u00a0 : 430.000 NV\u0110<\/span><\/strong><\/span><\/p>\n<p style=\"text-align: center;\"><span style=\"color: #000000;\"><strong><span style=\"font-size: 16px;\">MELATONIN 3MG, L\u1ecc 120 VI\u00caN:\u00a0 \u00a0 340.000 VN\u0110<\/span><\/strong><\/span><\/p>\n","protected":false},"featured_media":3349,"comment_status":"open","ping_status":"closed","template":"","meta":[],"product_cat":[762,782],"product_tag":[806,802,805,803,804],"_links":{"self":[{"href":"https:\/\/vitamin.webmaudep.net\/index.php?rest_route=\/wp\/v2\/product\/3348"}],"collection":[{"href":"https:\/\/vitamin.webmaudep.net\/index.php?rest_route=\/wp\/v2\/product"}],"about":[{"href":"https:\/\/vitamin.webmaudep.net\/index.php?rest_route=\/wp\/v2\/types\/product"}],"replies":[{"embeddable":true,"href":"https:\/\/vitamin.webmaudep.net\/index.php?rest_route=%2Fwp%2Fv2%2Fcomments&post=3348"}],"wp:featuredmedia":[{"embeddable":true,"href":"https:\/\/vitamin.webmaudep.net\/index.php?rest_route=\/wp\/v2\/media\/3349"}],"wp:attachment":[{"href":"https:\/\/vitamin.webmaudep.net\/index.php?rest_route=%2Fwp%2Fv2%2Fmedia&parent=3348"}],"wp:term":[{"taxonomy":"product_cat","embeddable":true,"href":"https:\/\/vitamin.webmaudep.net\/index.php?rest_route=%2Fwp%2Fv2%2Fproduct_cat&post=3348"},{"taxonomy":"product_tag","embeddable":true,"href":"https:\/\/vitamin.webmaudep.net\/index.php?rest_route=%2Fwp%2Fv2%2Fproduct_tag&post=3348"}],"curies":[{"name":"wp","href":"https:\/\/api.w.org\/{rel}","templated":true}]}}