{"id":3288,"date":"2022-03-05T14:37:14","date_gmt":"2022-03-05T07:37:14","guid":{"rendered":"http:\/\/vitamin.demo.xemwebmau.com\/?post_type=product&#038;p=3288"},"modified":"2022-04-06T11:39:45","modified_gmt":"2022-04-06T04:39:45","slug":"vitamin-d3-puritan-s-pride","status":"publish","type":"product","link":"https:\/\/vitamin.webmaudep.net\/?product=vitamin-d3-puritan-s-pride","title":{"rendered":"Vitamin D3 puritan \u2018s pride 125mg- L\u1ecd 100 vi\u00ean"},"content":{"rendered":"<h2 style=\"text-align: center;\"><span style=\"font-size: 20px; color: #008000;\"><strong>Vitamin D3 puritan \u2018s pride 125 mg, L\u1ecd 100 vi\u00ean<\/strong><\/span><\/h2>\n<p style=\"text-align: center;\"><em><span style=\"font-size: 16px; color: #000080;\"><strong>Cung c\u1ea5p D3 t\u1ef1 nhi\u00ean, t\u0103ng h\u1ea5p thu Canxi cho x\u01b0\u01a1ng ch\u1eafc kh\u1ecfe<\/strong><\/span><\/em><\/p>\n<p>&nbsp;<\/p>\n<h3 style=\"text-align: justify;\"><span style=\"font-size: 16px; color: #000000;\"><strong>Th\u00f4ng tin s\u1ea3n ph\u1ea9m vitamin D3 puritan \u2018s pride:<\/strong><\/span><\/h3>\n<p style=\"text-align: justify;\"><span style=\"font-size: 16px; color: #000000;\">T\u00ean thu\u1ed1c: vitamin D3 puritan \u2018s pride<\/span><\/p>\n<p style=\"text-align: justify;\"><span style=\"font-size: 16px; color: #000000;\">\u0110\u00f3ng g\u00f3i: L\u1ecd 100v<\/span><\/p>\n<p><span style=\"font-size: 16px; color: #000000;\">H\u00e0m l\u01b0\u1ee3ng: c\u00f3 2 d\u1ea1ng l\u00e0 h\u00e0m l\u01b0\u1ee3ng 125 mg ( 5000 IU) v\u00e0 50 mg (200 IU)<\/span><\/p>\n<p style=\"text-align: justify;\"><span style=\"font-size: 16px; color: #000000;\">Xu\u1ea5t x\u1ee9: Puritan&#8217;s Pride<\/span><\/p>\n<p style=\"text-align: justify;\"><span style=\"font-size: 16px; color: #000000;\">Puritan&#8217;s Pride l\u00e0 th\u01b0\u01a1ng hi\u1ec7u th\u1ef1c ph\u1ea9m ch\u1ee9c n\u0103ng n\u1ed5i ti\u1ebfng \u0111\u01b0\u1ee3c <a href=\"http:\/\/vitamin.webmaudep.net\/san-pham\/puritans-pride-neuro-ps-gold-vien-uong-tang-cuong-tuan-hoan-nao-cai-thien-tri-nho\/\">s\u1ea3n xu\u1ea5t<\/a> t\u1ea1i M\u1ef9, \u0111\u00e3 \u0111\u0103ng k\u00fd th\u01b0\u01a1ng hi\u1ec7u v\u00e0 ch\u1ea5t l\u01b0\u1ee3ng t\u1ea1i FDA \u2013 C\u1ee5c Qu\u1ea3n l\u00fd Th\u1ef1c ph\u1ea9m v\u00e0 D\u01b0\u1ee3c ph\u1ea9m Hoa K\u1ef3<\/span><\/p>\n<p style=\"text-align: justify;\"><span style=\"font-size: 16px; color: #000000;\">\u0110\u1ecba ch\u1ec9: New York, M\u1ef9<\/span><\/p>\n<h3 style=\"text-align: justify;\"><span style=\"font-size: 16px; color: #000000;\"><strong>C\u00e1c d\u1ea1ng Vitamin D hi\u1ec7n nay c\u00f3 t\u00e1c d\u1ee5ng gi\u00fap c\u01a1 th\u1ec3 h\u1ea5p thu Canci v\u00e0 \u0111i\u1ec1u h\u00f2a c\u00e1c ho\u1ea1t \u0111\u1ed9ng sinh l\u00fd kh\u00e1c c\u1ee7a c\u01a1 th\u1ec3?<\/strong><\/span><\/h3>\n<p style=\"text-align: justify;\"><span style=\"font-size: 16px; color: #000000;\">Vitamin D l\u00e0 m\u1ed9t lo\u1ea1i vitamin tan trong ch\u1ea5t b\u00e9o c\u00f3 th\u1ec3 thu \u0111\u01b0\u1ee3c th\u00f4ng qua ch\u1ebf \u0111\u1ed9 \u0103n u\u1ed1ng ho\u1eb7c t\u1ed5ng h\u1ee3p trong da khi ti\u1ebfp x\u00fac v\u1edbi \u00e1nh s\u00e1ng m\u1eb7t tr\u1eddi. Vitamin D th\u1ef1c ra l\u00e0 m\u1ed9t h\u1ecd g\u1ed3m m\u1ed9t v\u00e0i ho\u1ea1t ch\u1ea5t c\u00f3 c\u00f4ng th\u1ee9c c\u1ea5u t\u1ea1o t\u01b0\u01a1ng t\u1ef1 nhau v\u00e0 c\u00f3 t\u00e1c d\u1ee5ng sinh l\u00fd nh\u01b0 nhau. Trong \u0111\u00f3 c\u00f3 2 lo\u1ea1i vitamin D c\u00f3 hi\u1ec7u qu\u1ea3 cao, \u0111\u01b0\u1ee3c b\u1ed5 sung trong ch\u0103m s\u00f3c s\u1ee9c kh\u1ecfe \u0111\u00f3 l\u00e0 vitamin D2 v\u00e0 vitamin D3.<\/span><\/p>\n<p style=\"text-align: justify;\"><span style=\"font-size: 16px; color: #000000;\">Vitamin D3, d\u1ea1ng vitamin D h\u00ecnh th\u00e0nh trong da, l\u00e0 m\u1ed9t d\u1ea1ng vitamin m\u1ea1nh v\u00e0 ho\u1ea1t \u0111\u1ed9ng.<\/span><\/p>\n<p style=\"text-align: justify;\"><span style=\"font-size: 16px; color: #000000;\">Vitamin D2 l\u00e0 m\u1ed9t ch\u1ea5t t\u01b0\u01a1ng t\u1ef1 vitamin D \u0111\u01b0\u1ee3c h\u00ecnh th\u00e0nh trong <a href=\"http:\/\/vitamin.webmaudep.net\/san-pham\/glutamine-active-la-thuoc-gi\/\">th\u1ef1c v\u1eadt<\/a>, n\u1ea5m v\u00e0 n\u1ea5m men trong qu\u00e1 tr\u00ecnh quang h\u1ee3p.<\/span><\/p>\n<p><img decoding=\"async\" loading=\"lazy\" class=\"aligncenter wp-image-3289 \" src=\"http:\/\/vitamin.webmaudep.net\/wp-content\/uploads\/2022\/03\/0009519_puritans-pride-sunvite-high-potency-vitamin-d3-1000iu-chai-100-vien_550.png\" alt=\"\" width=\"423\" height=\"495\" srcset=\"https:\/\/vitamin.webmaudep.net\/wp-content\/uploads\/2022\/03\/0009519_puritans-pride-sunvite-high-potency-vitamin-d3-1000iu-chai-100-vien_550.png 470w, https:\/\/vitamin.webmaudep.net\/wp-content\/uploads\/2022\/03\/0009519_puritans-pride-sunvite-high-potency-vitamin-d3-1000iu-chai-100-vien_550-300x351.png 300w, https:\/\/vitamin.webmaudep.net\/wp-content\/uploads\/2022\/03\/0009519_puritans-pride-sunvite-high-potency-vitamin-d3-1000iu-chai-100-vien_550-256x300.png 256w\" sizes=\"(max-width: 423px) 100vw, 423px\" \/><\/p>\n<p><img decoding=\"async\" class=\"aligncenter\" src=\"http:\/\/vitamin.webmaudep.net\/wp-content\/uploads\/2018\/12\/hotline-1-300x89.png\" \/><\/p>\n<h3 style=\"text-align: justify;\"><span style=\"font-size: 16px; color: #000000;\"><strong>Hai c\u00f4ng d\u1ee5ng ch\u00ednh c\u1ee7a Vitamin D (puritan&#8217;s pride vitamin d3 softgels) trong ch\u0103m s\u00f3c s\u1ee9c kh\u1ecfe<\/strong><\/span><\/h3>\n<h4 style=\"text-align: justify;\"><span style=\"font-size: 16px; color: #000000;\"><strong><em>Vai tr\u00f2 v\u1edbi h\u1ec7 mi\u1ec5n d\u1ecbch<\/em><\/strong><\/span><\/h4>\n<p style=\"text-align: justify;\"><span style=\"font-size: 16px; color: #000000;\">Vitamin D \u0111\u00f3ng m\u1ed9t vai tr\u00f2 \u0111i\u1ec1u h\u00f2a trong s\u1ef1 <a href=\"http:\/\/vitamin.webmaudep.net\/san-pham\/vitamin-c-puritans-pride-vitamin-c-500mg-with-bioflavonoid-rose-hips\/\">t\u0103ng tr\u01b0\u1edfng<\/a>, bi\u1ec7t h\u00f3a v\u00e0 t\u0103ng sinh c\u1ee7a c\u00e1c lo\u1ea1i t\u1ebf b\u00e0o b\u1ea1ch c\u1ea7u kh\u00e1c nhau. C\u00e1c t\u1ebf b\u00e0o T v\u00e0 B c\u1ee7a h\u1ec7 th\u1ed1ng mi\u1ec5n d\u1ecbch th\u00edch nghi \u0111\u1ec1u \u0111\u01b0\u1ee3c \u0111i\u1ec1u ch\u1ec9nh b\u1edfi vitamin D.\u00a0 Nhi\u1ec1u t\u1ebf b\u00e0o c\u1ee7a ph\u1ea3n \u1ee9ng mi\u1ec5n d\u1ecbch b\u1ea9m sinh c\u0169ng \u0111\u00f2i h\u1ecfi vitamin D nh\u01b0 b\u1ea1ch c\u1ea7u \u0111\u01a1n nh\u00e2n c\u1ea7n n\u00f3 tr\u01b0\u1edfng th\u00e0nh \u0111\u00fang c\u00e1ch. \u0111\u1ed9 vitamin D \u0111\u1ea7y \u0111\u1ee7 c\u0169ng c\u1ea7n thi\u1ebft cho vi\u1ec7c t\u1ed5ng h\u1ee3p c\u00e1c protein quan tr\u1ecdng v\u1edbi \u0111\u1eb7c t\u00ednh ch\u1ed1ng mi\u1ec5n d\u1ecbch.<\/span><\/p>\n<h4 style=\"text-align: justify;\"><span style=\"font-size: 16px; color: #000000;\"><strong><em>Vai tr\u00f2 v\u1edbi h\u1ec7 x\u01b0\u01a1ng<\/em><\/strong><\/span><\/h4>\n<p style=\"text-align: justify;\"><span style=\"font-size: 16px; color: #000000;\">Vitamin D gi\u00fap h\u1ea5p thu Cancil v\u00e0o x\u01b0\u01a1ng, gi\u00fap x\u01b0\u01a1ng ph\u00e1t tri\u1ec3n v\u00e0 ch\u1eafc kh\u1ecfe. N\u1ebfu thi\u1ebfu Vitamin D c\u00f3 th\u1ec3 l\u00e0m canci kh\u00f3 h\u1ea5p thu v\u00e0o x\u01b0\u01a1ng, g\u00e2y lo\u00e3ng x\u01b0\u01a1ng, gi\u00f2n x\u01b0\u01a1ng. Tr\u1ebb em thi\u1ebfu Vitamin D b\u1ecb ch\u1eadm ph\u00e1t tri\u1ec3n chi\u1ec1u cao.<\/span><\/p>\n<p style=\"text-align: justify;\"><span style=\"font-size: 16px; color: #000000;\">Ngo\u00e0i ra Vitamin D c\u00f3 nhi\u1ec1u c\u00f4ng d\u1ee5ng quan tr\u1ecdng kh\u00e1c v\u1edbi c\u01a1 th\u1ec3<\/span><\/p>\n<h3 style=\"text-align: justify;\"><span style=\"font-size: 16px; color: #000000;\"><strong>Th\u00e0nh ph\u1ea7n vitamin trong vi\u00ean Vitamin D c\u1ee7a h\u00e3ng Puritan\u2019s Pride<\/strong><\/span><\/h3>\n<p style=\"text-align: justify;\"><span style=\"font-size: 16px; color: #000000;\">Th\u00e0nh ph\u1ea7n trong 1 vi\u00ean Puritan\u2019s Pride High Potency Vitamin D3 1000 IU:<\/span><\/p>\n<p style=\"text-align: justify;\"><span style=\"font-size: 16px; color: #000000;\">Vitamin D (as D3 Cholecalciferol) 25mcg (1000IU).<\/span><\/p>\n<p style=\"text-align: justify;\"><span style=\"font-size: 16px; color: #000000;\">Soybean Oil, Gelatin, Vegetable Glycerin, Corn Oil.<\/span><\/p>\n<p style=\"text-align: justify;\"><span style=\"font-size: 16px; color: #000000;\">Vitamin D trong vi\u00ean u\u1ed1ng Puritan\u2019s Pride High Potency Vitamin D3 1000 IU l\u00e0 Vitamin D3 (m\u1ed9t trong 2 d\u1ea1ng vitamin D ch\u00ednh c\u1ee7a c\u01a1 th\u1ec3 ). Vitamin D3 Puritan\u2019s Pride \u0111\u01b0\u1ee3c s\u1ea3n xu\u1ea5t theo qui tr\u00ecnh ch\u1ea5t l\u01b0\u1ee3ng nghi\u00eam ng\u1eb7t, th\u00e2n thi\u1ec7n v\u1edbi c\u01a1 th\u1ec3, \u0111em l\u1ea1i nhi\u1ec1u c\u00f4ng d\u1ee5ng, bao g\u1ed3m:<\/span><\/p>\n<h4 style=\"text-align: justify;\"><span style=\"font-size: 16px; color: #000000;\">&#8211; Vitamin D3 Puritan\u2019s Pride gi\u00fap Gi\u1eef x\u01b0\u01a1ng ch\u1eafc kh\u1ecfe: <\/span><\/h4>\n<p style=\"text-align: justify;\"><span style=\"font-size: 16px; color: #000000;\">b\u1ea3o v\u1ec7 b\u1ea1n kh\u1ecfi c\u00e1c t\u00ecnh tr\u1ea1ng kh\u00e1c nhau, bao g\u1ed3m c\u1ea3 b\u1ec7nh c\u00f2i x\u01b0\u01a1ng \u1edf tr\u1ebb em hay nhuy\u1ec5n x\u01b0\u01a1ng \u1edf ng\u01b0\u1eddi l\u1edbn.<\/span><\/p>\n<p style=\"text-align: justify;\"><span style=\"font-size: 16px; color: #000000;\">C\u00f2i x\u01b0\u01a1ng l\u00e0 m\u1ed9t b\u1ec7nh l\u00fd khi\u1ebfn tr\u1ebb em c\u00f3 x\u01b0\u01a1ng y\u1ebfu v\u00e0 m\u1ec1m. Nguy\u00ean nh\u00e2n l\u00e0 do c\u01a1 th\u1ec3 thi\u1ebfu vitamin D. B\u1ea1n c\u1ea7n vitamin D \u0111\u1ec3 canxi v\u00e0 ph\u1ed1t pho c\u00f3 th\u1ec3 \u0111\u01b0\u1ee3c s\u1eed d\u1ee5ng \u0111\u1ec3 x\u00e2y d\u1ef1ng x\u01b0\u01a1ng.<\/span><\/p>\n<p style=\"text-align: justify;\"><span style=\"font-size: 16px; color: #000000;\">\u1ede ng\u01b0\u1eddi l\u1edbn, x\u01b0\u01a1ng m\u1ec1m l\u00e0 m\u1ed9t t\u00ecnh tr\u1ea1ng g\u1ecdi l\u00e0 nhuy\u1ec5n x\u01b0\u01a1ng, h\u1eadu qu\u1ea3 do thi\u1ebfu vitamin D n\u00ean canci v\u00e0 phosphor h\u1ea5p thu v\u00e0o x\u01b0\u01a1ng b\u1ecb gi\u1ea3m \u0111i .<\/span><\/p>\n<p style=\"text-align: justify;\"><span style=\"font-size: 16px; color: #000000;\">&#8211; Vitamin D3 Puritan\u2019s Pride H\u1ed7 tr\u1ee3 ho\u1ea1t \u0111\u1ed9ng v\u1edbi tuy\u1ebfn c\u1eadn gi\u00e1p: C\u00e1c tuy\u1ebfn c\u1eadn gi\u00e1p ho\u1ea1t \u0111\u1ed9ng li\u00ean t\u1ee5c \u0111\u1ec3 c\u00e2n b\u1eb1ng l\u01b0\u1ee3ng canxi trong m\u00e1u b\u1eb1ng c\u00e1ch k\u1ebft h\u1ee3p v\u1edbi th\u1eadn, ru\u1ed9t v\u00e0 khung x\u01b0\u01a1ng. Khi c\u00f3 \u0111\u1ee7 canxi trong ch\u1ebf \u0111\u1ed9 \u0103n v\u00e0 \u0111\u1ee7 Vitamin D \u0111\u1ec3 ho\u1ea1t \u0111\u1ed9ng, canxi trong ch\u1ebf \u0111\u1ed9 \u0103n s\u1ebd \u0111\u01b0\u1ee3c h\u1ea5p thu v\u00e0 ph\u00e1t huy t\u00e1c d\u1ee5ng t\u1ed1t trong c\u01a1 th\u1ec3. N\u1ebfu l\u01b0\u1ee3ng canxi cung c\u1ea5p kh\u00f4ng \u0111\u1ee7 ho\u1eb7c vitamin D th\u1ea5p, c\u00e1c tuy\u1ebfn c\u1eadn gi\u00e1p s\u1ebd \u2018m\u01b0\u1ee3n\u2019 canxi t\u1eeb khung x\u01b0\u01a1ng \u0111\u1ec3 gi\u1eef l\u01b0\u1ee3ng canxi trong m\u00e1u \u1edf m\u1ee9c b\u00ecnh th\u01b0\u1eddng. \u0110i\u1ec1u n\u00e0y trong ng\u1eafn h\u1ea1n s\u1ebd g\u00e2y h\u1eadu qu\u1ea3 l\u00e0m m\u1ec1m x\u01b0\u01a1ng, nhuy\u1ec5n x\u01b0\u01a1ng. N\u1eb7ng h\u01a1n n\u1ebfu thi\u1ebfu l\u00e2u d\u00e0i c\u00f3 th\u1ec3 g\u00e2y h\u1eadu qu\u1ea3 cho tuy\u1ebfn c\u1eadn gi\u00e1p.<\/span><\/p>\n<h4 style=\"text-align: justify;\"><span style=\"font-size: 16px; color: #000000;\">&#8211; Vitamin D3 Puritan\u2019s Pride h\u1ed7 tr\u1ee3 cho ph\u1ee5 n\u1eef mang thai nh\u01b0 th\u1ebf n\u00e0o:<\/span><\/h4>\n<p style=\"text-align: justify;\"><span style=\"font-size: 16px; color: #000000;\">S\u1ea3n ph\u1ea9m gi\u00fap v\u1eadn chuy\u1ec3n canxi cho thai nhi.<\/span><\/p>\n<p style=\"text-align: justify;\"><span style=\"font-size: 16px; color: #000000;\">T\u0103ng c\u01b0\u1eddng mi\u1ec5n d\u1ecbch trong th\u1eddi k\u00ec b\u00e0o thai.<\/span><\/p>\n<p style=\"text-align: justify;\"><span style=\"font-size: 16px; color: #000000;\">T\u0103ng c\u01b0\u1eddng canxi v\u00e0o tuy\u1ebfn s\u1eefa.<\/span><\/p>\n<h3 style=\"text-align: justify;\"><span style=\"font-size: 16px; color: #000000;\"><strong>V\u1eady C\u00f4ng d\u1ee5ng vitamin D3 puritan \u2018s pride nh\u01b0 th\u1ebf n\u00e0o?<\/strong><\/span><\/h3>\n<p style=\"text-align: justify;\"><span style=\"font-size: 16px; color: #000000;\">&#8211; H\u1ed7 tr\u1ee3 h\u1ea5p th\u1ee5 canxi, vitamin D cho c\u01a1 th\u1ec3, gi\u00fap cho x\u01b0\u01a1ng lu\u00f4n \u0111\u01b0\u1ee3c ch\u1eafc kh\u1ecfe.<\/span><\/p>\n<p style=\"text-align: justify;\"><span style=\"font-size: 16px; color: #000000;\">&#8211; Ng\u0103n ng\u1eeba c\u00e1c t\u00ecnh tr\u1ea1ng b\u1ecb lo\u00e3ng x\u01b0\u01a1ng, ph\u1ee5c h\u1ed3i g\u00e3y x\u01b0\u01a1ng, h\u1ed7 tr\u1ee3 ho\u1ea1t \u0111\u1ed9ng c\u00e1c tuy\u1ebfn c\u1eadn gi\u00e1p.<\/span><\/p>\n<p style=\"text-align: justify;\"><span style=\"font-size: 16px; color: #000000;\">&#8211; V\u1eadn chuy\u1ec3n canxi cho thai nhi \u0111\u1ed1i v\u1edbi c\u00e1c b\u00e0 m\u1eb9 \u0111ang mang thai.<\/span><\/p>\n<p style=\"text-align: justify;\"><span style=\"font-size: 16px; color: #000000;\">&#8211; T\u0103ng c\u01b0\u1eddng s\u1ee9c \u0111\u1ec1 kh\u00e1ng cho c\u01a1 th\u1ec3, ng\u0103n ng\u1eeba vi khu\u1ea9n x\u00e2m nh\u1eadp v\u00e0o c\u01a1 th\u1ec3 g\u00e2y ra b\u1ec7nh c\u1ea3m c\u00fam th\u00f4ng th\u01b0\u1eddng.<\/span><\/p>\n<p style=\"text-align: justify;\"><span style=\"font-size: 16px; color: #000000;\">&#8211; Gi\u00fap tr\u1ebb mau \u0103n ch\u00f3ng l\u1edbn, l\u00e0m gi\u1ea3m nguy c\u01a1 b\u1ecb c\u00f2i x\u01b0\u01a1ng, bi\u1ebfng \u0103n.<\/span><\/p>\n<h3 style=\"text-align: justify;\"><span style=\"font-size: 16px; color: #000000;\"><strong>Ai l\u00e0 ng\u01b0\u1eddi h\u01b0\u1edfng l\u01a1i \u00edch khi s\u1eed d\u1ee5ng puritan&#8217;s pride vitamin d3 1000 iu<\/strong><\/span><\/h3>\n<p style=\"text-align: justify;\"><span style=\"font-size: 16px; color: #000000;\">&#8211; S\u1ea3n ph\u1ea9m d\u00f9ng cho ng\u01b0\u1eddi l\u1edbn v\u00e0 tr\u1ebb em \u0111\u1ec3 b\u1ed5 sung vitamin D<\/span><\/p>\n<p style=\"text-align: justify;\"><span style=\"font-size: 16px; color: #000000;\">&#8211; D\u00f9ng cho ph\u1ee5 n\u1eef c\u00f3 thai \u0111\u1ec3 ph\u00f2ng thi\u1ebfu h\u1ee5t vitamin d \u1edf thai nhi.<\/span><\/p>\n<h3 style=\"text-align: justify;\"><span style=\"font-size: 16px; color: #000000;\"><strong>C\u00e2u h\u1ecfi khi s\u1eed d\u1ee5ng d3 vitamin 10000 iu puritan&#8217;s pride<\/strong><\/span><\/h3>\n<h4 style=\"text-align: justify;\"><span style=\"font-size: 16px; color: #000000;\"><strong><em>\u01afu \u0111i\u1ec3m c\u1ee7a vitamin d3 puritan&#8217;s pride<\/em><\/strong><\/span><\/h4>\n<p style=\"text-align: justify;\"><span style=\"font-size: 16px; color: #000000;\">Vi\u00ean u\u1ed1ng b\u1ed5 sung vitamin D \u0111\u01b0\u1ee3c s\u1ea3n xu\u1ea5t b\u1edfi h\u00e3ng D\u01b0\u1ee3c ph\u1ea9m uy t\u00edn c\u1ee7a M\u1ef9, \u0111\u01b0\u1ee3c FDA c\u00f4ng nh\u1eadn ch\u1ea5t l\u01b0\u1ee3ng s\u1ea3n ph\u1ea9m v\u00e0 cho ph\u00e9p l\u01b0u h\u00e0nh. V\u00ec v\u1eady, s\u1ea3n ph\u1ea9m c\u00f3 ch\u1ea5t l\u01b0\u1ee3ng cam k\u1ebft \u0111\u00e1ng tin c\u1eady v\u00e0 \u0111\u1ed9 an to\u00e0n cao.<\/span><\/p>\n<p style=\"text-align: justify;\"><span style=\"font-size: 16px; color: #000000;\">S\u1ea3n ph\u1ea9m th\u00e2n thi\u1ec7n v\u1edbi c\u01a1 th\u1ec3 do nguy\u00ean li\u1ec7u \u0111\u01b0\u1ee3c chi\u1ebft t\u00e1ch t\u1eeb t\u1ef1 nhi\u00ean th\u00f4ng qua qu\u00e1 tr\u00ecnh nu\u00f4i c\u1ea5y vi n\u1ea5m.<\/span><\/p>\n<h4 style=\"text-align: justify;\"><span style=\"font-size: 16px; color: #000000;\"><strong><em>Ph\u1ea3n h\u1ed5i c\u1ee7a kh\u00e1ch h\u00e0ng t\u1ea1i M\u1ef9 khi d\u00f9ng Vitamin D puritan&#8217;s pride nh\u01b0 th\u1ebf n\u00e0o \u0111\u1ec3 ch\u00fang t\u00f4i c\u00f3 th\u1ec3 tham kh\u1ea3o<\/em><\/strong><\/span><\/h4>\n<p style=\"text-align: justify;\"><span style=\"font-size: 16px; color: #000000;\">Vi\u00ean u\u1ed1ng Puritan&#8217;s Pride Vitamin D3 25mcg 100 vi\u00ean \u0111\u01b0\u1ee3c c\u00e1c b\u00e0 m\u1eb9 \u0111ang mang thai ho\u1eb7c c\u00f3 con em nh\u1ecf \u0111ang b\u1ecb ch\u1eadm l\u1edbn, c\u00f2i x\u01b0\u01a1ng c\u0169ng nh\u01b0 bi\u1ebfng \u0103n t\u1ea1i M\u1ef9 tin t\u01b0\u1edfng s\u1eed d\u1ee5ng. C\u00e1c th\u00e0nh ph\u1ea7n c\u00f3 trong vi\u00ean u\u1ed1ng k\u00edch th\u00edch c\u00e1c b\u00e9 \u0103n ngon mi\u1ec7ng h\u01a1n, b\u1ed5 sung l\u01b0\u1ee3ng vitamin D c\u1ea7n thi\u1ebft gi\u00fap khung x\u01b0\u01a1ng ch\u1eafc kh\u1ecfe, ph\u00e1t tri\u1ec3n. Vi\u00ean u\u1ed1ng th\u1ea9m th\u1ea5u nhanh, h\u1ed7 tr\u1ee3 qu\u00e1 tr\u00ecnh ho\u1ea1t \u0111\u1ed9ng \u1edf c\u00e1c tuy\u1ebfn c\u1eadn gi\u00e1p v\u00e0 t\u0103ng c\u01b0\u1eddng kh\u1ea3 n\u0103ng v\u1eadn chuy\u1ec3n ch\u1ea5t \u0111\u1ebfn c\u00e1c c\u01a1 quan kh\u00e1c trong c\u01a1 th\u1ec3.<\/span><\/p>\n<h3 style=\"text-align: justify;\"><span style=\"font-size: 16px; color: #000000;\"><strong><em>Vitamin d3 puritan pride c\u00f3 d\u00f9ng \u0111\u01b0\u1ee3c cho tr\u1ebb nh\u1ecf kh\u00f4ng<\/em><\/strong><\/span><\/h3>\n<p style=\"text-align: justify;\"><span style=\"font-size: 16px; color: #000000;\">Vi\u00ean u\u1ed1ng b\u1ed5 sung vitamin vitamin d3 puritan pride \u0111\u01b0\u1ee3c b\u00e0o ch\u1ebf d\u1ea1ng vi\u00ean nang m\u1ec1m, n\u00ean ch\u1ec9 th\u00edch h\u1ee3p d\u00f9ng cho ng\u01b0\u1eddi l\u1edbn ho\u1eb7c tr\u1ebb em tr\u00ean 12 tu\u1ed5i.<\/span><\/p>\n<p style=\"text-align: justify;\"><span style=\"font-size: 16px; color: #000000;\">Tr\u1ebb s\u01a1 sinh, tr\u1ebb nh\u1ecf d\u01b0\u1edbi 12 tu\u1ed5i kh\u00f4ng d\u00f9ng do vi\u00ean nang m\u1ec1m to, tr\u1ebb ch\u01b0a c\u00f3 kh\u1ea3 n\u0103ng nu\u1ed1t tr\u1ecdn vi\u00ean to g\u00e2y m\u1eafc ngh\u1eb9n.<\/span><\/p>\n<h3 style=\"text-align: justify;\"><span style=\"font-size: 16px; color: #000000;\"><strong><em>Li\u1ec1u d\u00f9ng vitamin D3 puritan \u2018s pride<\/em><\/strong><\/span><\/h3>\n<p style=\"text-align: justify;\"><span style=\"font-size: 16px; color: #000000;\"><em>&#8211; Li\u1ec1u cho ng\u01b0\u1eddi l\u1edbn v\u00e0 tr\u1ebb tr\u00ean 12 tu\u1ed5i<strong>:\u00a0 <\/strong><\/em>U\u1ed1ng 1 \u0111\u1ebfn 2 vi\u00ean m\u1ed7i ng\u00e0y, trong b\u1eefa \u0103n v\u1edbi c\u00e1c tr\u01b0\u1eddng h\u1ee3p b\u1ed5 sung th\u00f4ng th\u01b0\u1eddng.<\/span><\/p>\n<p style=\"text-align: justify;\"><span style=\"font-size: 16px; color: #000000;\"><em>&#8211; V\u1edbi ph\u1ee5 n\u1eef cho con b\u00fa, li\u1ec1u d\u00f9ng t\u01b0\u01a1ng t\u1ef1<strong>:\u00a0 <\/strong><\/em>U\u1ed1ng 1 \u0111\u1ebfn 2 vi\u00ean m\u1ed7i ng\u00e0y, trong b\u1eefa \u0103n v\u1edbi c\u00e1c tr\u01b0\u1eddng h\u1ee3p b\u1ed5 sung th\u00f4ng th\u01b0\u1eddng.<\/span><\/p>\n<p style=\"text-align: center;\"><span style=\"color: #ed1c24;\"><em><strong>VITAMINTOT.COM<\/strong><\/em><\/span><\/p>\n<p style=\"text-align: center;\"><span style=\"color: #ed1c24;\"><em><strong>UY T\u00cdN H\u00c0NG \u0110\u1ea6U \u2013 TR\u1eccN V\u1eb8N NI\u1ec0M TIN<\/strong><\/em><\/span><\/p>\n<p><strong><img decoding=\"async\" loading=\"lazy\" class=\"alignnone wp-image-1914 aligncenter\" src=\"http:\/\/vitamin.webmaudep.net\/wp-content\/uploads\/2019\/05\/vtiamintot.com-5-sao-300x120.jpg\" sizes=\"(max-width: 200px) 100vw, 200px\" srcset=\"http:\/\/vitamin.webmaudep.net\/wp-content\/uploads\/2019\/05\/vtiamintot.com-5-sao-300x120.jpg 300w, http:\/\/vitamin.webmaudep.net\/wp-content\/uploads\/2019\/05\/vtiamintot.com-5-sao.jpg 327w\" alt=\"\" width=\"148\" height=\"59\" \/><\/strong><\/p>\n<h3 style=\"text-align: justify;\"><span style=\"font-size: 16px; color: #000000;\"><strong><em>Li\u1ec1u d\u00f9ng D3 vitamin 1000 iu puritan&#8217;s pride cho ph\u1ee5 n\u1eef mang thai<\/em><\/strong><\/span><\/h3>\n<p style=\"text-align: justify;\"><span style=\"font-size: 16px; color: #000000;\">Li\u1ec1u d\u00f9ng cho ph\u1ee5 n\u1eef mang thai ph\u1ee9c t\u1ea1p h\u01a1n li\u1ec1u d\u00f9ng cho ng\u01b0\u1eddi l\u1edbn th\u00f4ng th\u01b0\u1eddng. \u0110i\u1ec1u n\u00e0y ph\u1ee5 thu\u1ed9c v\u00e0o t\u00ecnh tr\u1ea1ng th\u1ef1c t\u1ebf c\u1ee7a ng\u01b0\u1eddi m\u1eb9 v\u00e0 thai nhi khi th\u0103m kh\u00e1m l\u00e2m s\u00e0ng. Nh\u01b0ng nguy\u00ean t\u1eafc chung nh\u01b0 sau:<\/span><\/p>\n<p style=\"text-align: justify;\"><span style=\"font-size: 16px; color: #000000;\">Khi mang thai, thi\u1ebfu vitamin D \u1edf m\u1eb9 (\u0111\u01b0\u1ee3c \u0111\u1ecbnh ngh\u0129a \u1edf \u0111\u00e2y l\u00e0 d\u01b0\u1edbi 30 nmol\/L) c\u00f3 th\u1ec3 d\u1eabn \u0111\u1ebfn thi\u1ebfu h\u1ee5t \u1edf tr\u1ebb s\u01a1 sinh.<\/span><\/p>\n<h4><span style=\"font-size: 16px; color: #000000;\">An to\u00e0n:<\/span><\/h4>\n<p><span style=\"font-size: 16px; color: #000000;\">S\u1eed d\u1ee5ng vitamin D trong thai k\u1ef3 kh\u00f4ng li\u00ean quan \u0111\u1ebfn vi\u1ec7c t\u0103ng nguy c\u01a1 d\u1ecb t\u1eadt b\u1ea9m sinh, m\u1eb7c d\u00f9 d\u1eef li\u1ec7u kh\u00f4ng \u0111\u1ee7 \u0111\u1ec3 x\u00e1c nh\u1eadn r\u1eb1ng kh\u00f4ng c\u00f3 nguy c\u01a1 r\u00f5 r\u00e0ng. Trong d\u00e2n s\u1ed1 n\u00f3i chung, li\u1ec1u t\u1ed1i \u0111a vitamin D l\u00e0 10.000 \u0111\u01a1n v\u1ecb\/ ng\u00e0y. Tr\u00ean m\u1ee9c li\u1ec1u h\u00e0ng ng\u00e0y n\u00e0y, v\u1ec1 m\u1eb7t l\u00fd thuy\u1ebft c\u00f3 nhi\u1ec1u kh\u1ea3 n\u0103ng g\u00e2y t\u00e1c d\u1ee5ng ph\u1ee5 v\u00ec v\u1eady n\u00ean tr\u00e1nh u\u1ed1ng h\u01a1n 10.000 \u0111\u01a1n v\u1ecb\/ ng\u00e0y v\u00e0 kh\u00f4ng n\u00ean s\u1eed d\u1ee5ng li\u1ec1u duy nh\u1ea5t bolus r\u1ea5t cao nh\u01b0 300.000 &#8211; 500.000 \u0111\u01a1n v\u1ecb trong thai k\u1ef3. D\u1eef li\u1ec7u an to\u00e0n li\u00ean quan \u0111\u1ebfn vi\u1ec7c s\u1eed d\u1ee5ng trong tam c\u00e1 nguy\u1ec7t th\u1ee9 hai ho\u1eb7c th\u1ee9 ba v\u00e0 do v\u1eady s\u1eed d\u1ee5ng vitamin D li\u1ec1u cao trong ba th\u00e1ng \u0111\u1ea7u th\u01b0\u1eddng n\u00ean tr\u00e1nh.<\/span><\/p>\n<h4><span style=\"font-size: 16px; color: #000000;\">Li\u1ec1u \u0111i\u1ec1u tr\u1ecb s\u1ef1 thi\u1ebfu h\u1ee5t (vitamin D &lt; 30nmol\/L): <\/span><\/h4>\n<p><span style=\"font-size: 16px; color: #000000;\">S\u1eed d\u1ee5ng li\u1ec1u u\u1ed1ng 2.000 \u2013 4.000 \u0111\u01a1n v\u1ecb\/ ng\u00e0y trong t\u1ed1i \u0111a 11 tu\u1ea7n \u0111\u1ec3 cung c\u1ea5p li\u1ec1u t\u00edch l\u0169y kho\u1ea3ng 150.000 ho\u1eb7c 300.000 \u0111\u01a1n v\u1ecb trong tam c\u00e1 nguy\u1ec7t th\u1ee9 2 ho\u1eb7c th\u1ee9 3 thai k\u1ef3. Vi\u1ec7c \u0111i\u1ec1u tr\u1ecb n\u00ean b\u1eaft \u0111\u1ea7u trong tam c\u00e1 nguy\u1ec7t th\u1ee9 2 ho\u1eb7c th\u1ee9 3 v\u00ec thi\u1ebfu d\u1eef li\u1ec7u an to\u00e0n trong tam c\u00e1 nguy\u1ec7t th\u1ee9 nh\u1ea5t v\u00e0 v\u00ec ph\u1ea7n l\u1edbn s\u1ef1 t\u0103ng tr\u01b0\u1edfng v\u00e0 ph\u00e1t tri\u1ec3n c\u1ee7a x\u01b0\u01a1ng th\u01b0\u1eddng x\u1ea3y ra trong tam c\u00e1 nguy\u1ec7t th\u1ee9 2 ho\u1eb7c th\u1ee9 3. \u0110\u1ec3 b\u1ed5 sung th\u01b0\u1eddng quy, khuy\u1ebfn c\u00e1o hi\u1ec7n t\u1ea1i khuy\u00ean d\u00f9ng 10mcg (400 \u0111\u01a1n v\u1ecb) m\u1ed7i ng\u00e0y \u1edf t\u1ea5t c\u1ea3 ph\u1ee5 n\u1eef mang thai.<\/span><\/p>\n<h3 style=\"text-align: justify;\"><span style=\"font-size: 16px; color: #000000;\"><strong><em>V\u1eady vi\u00ean u\u1ed1ng vitamin D3 puritan \u2018s Pride l\u00e0 1000IU th\u00ec t\u00f4i mang thai n\u00ean s\u1eed d\u1ee5ng th\u1ebf n\u00e0o?<\/em><\/strong><\/span><\/h3>\n<p style=\"text-align: justify;\"><span style=\"font-size: 16px; color: #000000;\">Theo h\u01b0\u1edbng d\u1eabn tr\u00ean, n\u1ebfu b\u00e0 m\u1eb9 mang thai \u0111\u01b0\u1ee3c x\u00e9t nghi\u1ec7m ch\u1ec9 r\u00f5 t\u00ecnh tr\u1ea1ng thi\u1ebfu vitamin D th\u00ec u\u1ed1ng li\u1ec1u 2-4 vi\u00ean\/ ng\u00e0y, trong t\u1ed1i \u0111a 11 tu\u1ea7n. Th\u1eddi gian u\u1ed1ng b\u1eaft \u0111\u1ea7u sau th\u00e1ng th\u1ee9 3 c\u1ee7a thai k\u1ef3.<\/span><\/p>\n<p style=\"text-align: justify;\"><span style=\"font-size: 16px; color: #000000;\">N\u1ebfu kh\u00f4ng \u0111\u01b0\u1ee3c x\u00e9t nghi\u1ec7m ch\u1ec9 r\u00f5 t\u00ecnh tr\u1ea1ng thi\u1ebfu Vitamin D th\u00ec u\u1ed1ng li\u1ec1u b\u1ed5 sung l\u00e0 400 IU\/ ng\u00e0y th\u00ec c\u00f3 th\u1ec3 l\u1ef1a ch\u1ecdn ch\u1ebf ph\u1ea9m Vitamin t\u1ed5ng h\u1ee3p cho b\u00e0 b\u1ea7u (th\u01b0\u1eddng ch\u01b0a vitamin D h\u00e0m l\u01b0\u1ee3ng th\u1ea5p) ho\u1eb7c\u00a0 n\u1ebfu l\u1ef1a ch\u1ecdn puritan&#8217;s pride vitamin d3 softgels th\u00ec c\u1ea7n u\u1ed1ng c\u00e1ch 2 ng\u00e0y m\u1ed9t vi\u00ean.<\/span><\/p>\n<p>&nbsp;<\/p>\n<p><img decoding=\"async\" loading=\"lazy\" class=\"aligncenter wp-image-818 \" src=\"http:\/\/vitamin.webmaudep.net\/wp-content\/uploads\/2018\/09\/cam-k%E1%BA%BFt-web-vitamin.jpg\" sizes=\"(max-width: 801px) 100vw, 801px\" srcset=\"http:\/\/vitamin.webmaudep.net\/wp-content\/uploads\/2018\/09\/cam-k\u1ebft-web-vitamin.jpg 801w, http:\/\/vitamin.webmaudep.net\/wp-content\/uploads\/2018\/09\/cam-k\u1ebft-web-vitamin-300x169.jpg 300w, http:\/\/vitamin.webmaudep.net\/wp-content\/uploads\/2018\/09\/cam-k\u1ebft-web-vitamin-768x431.jpg 768w, http:\/\/vitamin.webmaudep.net\/wp-content\/uploads\/2018\/09\/cam-k\u1ebft-web-vitamin-600x337.jpg 600w\" alt=\"\" width=\"686\" height=\"385\" \/><\/p>\n","protected":false},"excerpt":{"rendered":"<p style=\"text-align: center;\"><em><span style=\"font-size: 16px; color: #000080;\"><strong>Cung c\u1ea5p D3 t\u1ef1 nhi\u00ean<\/strong><\/span><\/em><\/p>\n<p>&nbsp;<\/p>\n<p style=\"text-align: center;\"><em><span style=\"font-size: 16px; color: #000080;\"><strong>T\u0103ng h\u1ea5p thu Canxi cho x\u01b0\u01a1ng ch\u1eafc kh\u1ecfe<\/strong><\/span><\/em><\/p>\n<p>&nbsp;<\/p>\n<p style=\"text-align: center;\"><span style=\"color: #000080;\"><em><strong><span style=\"font-size: 16px;\">S\u1ea3n ph\u1ea9m th\u00e2n thi\u1ec7n v\u1edbi c\u01a1 th\u1ec3<\/span><\/strong><\/em><\/span><\/p>\n","protected":false},"featured_media":3289,"comment_status":"open","ping_status":"closed","template":"","meta":[],"product_cat":[755,761],"product_tag":[779,781,780,778,777],"_links":{"self":[{"href":"https:\/\/vitamin.webmaudep.net\/index.php?rest_route=\/wp\/v2\/product\/3288"}],"collection":[{"href":"https:\/\/vitamin.webmaudep.net\/index.php?rest_route=\/wp\/v2\/product"}],"about":[{"href":"https:\/\/vitamin.webmaudep.net\/index.php?rest_route=\/wp\/v2\/types\/product"}],"replies":[{"embeddable":true,"href":"https:\/\/vitamin.webmaudep.net\/index.php?rest_route=%2Fwp%2Fv2%2Fcomments&post=3288"}],"wp:featuredmedia":[{"embeddable":true,"href":"https:\/\/vitamin.webmaudep.net\/index.php?rest_route=\/wp\/v2\/media\/3289"}],"wp:attachment":[{"href":"https:\/\/vitamin.webmaudep.net\/index.php?rest_route=%2Fwp%2Fv2%2Fmedia&parent=3288"}],"wp:term":[{"taxonomy":"product_cat","embeddable":true,"href":"https:\/\/vitamin.webmaudep.net\/index.php?rest_route=%2Fwp%2Fv2%2Fproduct_cat&post=3288"},{"taxonomy":"product_tag","embeddable":true,"href":"https:\/\/vitamin.webmaudep.net\/index.php?rest_route=%2Fwp%2Fv2%2Fproduct_tag&post=3288"}],"curies":[{"name":"wp","href":"https:\/\/api.w.org\/{rel}","templated":true}]}}