{"id":2187,"date":"2020-09-10T09:23:18","date_gmt":"2020-09-10T02:23:18","guid":{"rendered":"http:\/\/vitamin.demo.xemwebmau.com\/?post_type=product&#038;p=2187"},"modified":"2022-03-12T10:12:59","modified_gmt":"2022-03-12T03:12:59","slug":"thuoc-giam-can-slim-lucy-den-tu-thai-lan","status":"publish","type":"product","link":"https:\/\/vitamin.webmaudep.net\/?product=thuoc-giam-can-slim-lucy-den-tu-thai-lan","title":{"rendered":"THU\u1ed0C GI\u1ea2M C\u00c2N SLIM LUCY \u0110\u1ebeN T\u1eea TH\u00c1I LAN"},"content":{"rendered":"<h2 style=\"text-align: center;\"><span style=\"color: #008000;\">THU\u1ed0C GI\u1ea2M C\u00c2N SLIM LUCY \u0110\u1ebeN T\u1eea TH\u00c1I LAN<\/span><\/h2>\n<p style=\"text-align: justify;\">Hi\u1ec7n nay, t\u00ecnh tr\u1ea1ng th\u1eeba c\u00e2n, b\u00e9o ph\u00ec \u1edf ng\u01b0\u1eddi tr\u01b0\u1edfng th\u00e0nh \u0111ang c\u00f3 xu h\u01b0\u1edbng t\u0103ng cao v\u00e0 tr\u1edf th\u00e0nh m\u1ed9t trong nh\u1eefng th\u00e1ch th\u1ee9c l\u1edbn \u0111\u1ed1i v\u1edbi ch\u01b0\u01a1ng tr\u00ecnh ch\u0103m s\u00f3c s\u1ee9c kh\u1ecfe \u1edf m\u1ecdi qu\u1ed1c gia. M\u1ed9t nghi\u00ean c\u1ee9u \u1edf M\u1ef9 cho th\u1ea5y t\u1ec9 l\u1ec7 th\u1eeba c\u00e2n, b\u00e9o ph\u00ec \u1edf tu\u1ed5i tr\u01b0\u1edfng th\u00e0nh la 35%.Trong khi \u0111\u00f3 \u00a0t\u1ef7 l\u1ec7 n\u00e0y \u1edf Vi\u1ec7t Nam v\u00e0o kho\u1ea3ng 25% d\u00e2n s\u1ed1<\/p>\n<p style=\"text-align: justify;\">Do t\u00e2m l\u00fd mu\u1ed1n l\u1ea5y l\u1ea1i v\u00f3c d\u00e1ng, nhi\u1ec1u ng\u01b0\u1eddi \u0111\u00e3 t\u00ecm \u0111\u1ebfn thu\u1ed1c v\u00e0 c\u00e1c ph\u01b0\u01a1ng ph\u00e1p\u00a0gi\u1ea3m c\u00e2n nhanh\u00a0nh\u01b0 m\u1ed9t ph\u01b0\u01a1ng ph\u00e1p h\u1eefu hi\u1ec7u. HI\u1ec7n nay c\u00f3 r\u1ea5t nhi\u1ec1u lo\u1ea1i thu\u1ed1c gi\u1ea3m c\u00e2n \u0111i\u1ec3n h\u00ecnh nh\u01b0: Keto slim, \u00e1o \u0111\u00ecnh, lishou, slim body,\u2026 \u0110\u1eb7c bi\u1ec7t l\u00e0 \u0111\u01b0\u1ee3c \u0111\u00e1nh gi\u00e1 l\u00e0 thu\u1ed1c gi\u1ea3m c\u00e2n r\u1ea5t c\u00f3 hi\u1ec7u qu\u1ea3.<\/p>\n<hr \/>\n<p style=\"text-align: center;\"><strong>VITAMINTOT.COM<\/strong><\/p>\n<p style=\"text-align: center;\"><strong>UY T\u00cdN H\u00c0NG \u0110\u1ea6U \u2013 TR\u1eccN V\u1eb8N NI\u1ec0M TIN<\/strong><\/p>\n<p><strong><img decoding=\"async\" loading=\"lazy\" class=\"alignnone wp-image-1914 aligncenter\" src=\"http:\/\/vitamin.webmaudep.net\/wp-content\/uploads\/2019\/05\/vtiamintot.com-5-sao-300x120.jpg\" sizes=\"(max-width: 200px) 100vw, 200px\" srcset=\"http:\/\/vitamin.webmaudep.net\/wp-content\/uploads\/2019\/05\/vtiamintot.com-5-sao-300x120.jpg 300w, http:\/\/vitamin.webmaudep.net\/wp-content\/uploads\/2019\/05\/vtiamintot.com-5-sao.jpg 327w\" alt=\"\" width=\"148\" height=\"59\" \/><\/strong><\/p>\n<hr \/>\n<h3 style=\"text-align: justify;\"><span style=\"color: #008000;\"><strong>Gi\u1ea3m c\u00e2n Slim Lucy c\u00f3 th\u00e0nh ph\u1ea7n ho\u00e0n to\u00e0n t\u1eeb thi\u00ean nhi\u00ean <\/strong><\/span><\/h3>\n<p style=\"text-align: justify;\">\u00a0Ho\u00e0n to\u00e0n t\u1eeb thi\u00ean nhi\u00ean.<\/p>\n<p style=\"text-align: justify;\">C\u00f3 ch\u1ee9a c\u00e1c th\u00e0nh ph\u1ea7n: Ch\u00e8 xanh, v\u1ecf m\u0103ng c\u1ee5t, cafe xanh, gi\u1ea5m tao, ph\u1ee5c linh, s\u01a1n tra, tinh ch\u1ea5t b\u01b0\u1edfi ,tinh ch\u1ea5t ngh\u1ec7,&#8230;<\/p>\n<p><img decoding=\"async\" loading=\"lazy\" class=\"alignnone wp-image-2189 aligncenter\" src=\"http:\/\/vitamin.webmaudep.net\/wp-content\/uploads\/2020\/09\/slim-lucy-300x300.jpg\" alt=\"gi\u1ea3m c\u00e2n slim lucy\" width=\"423\" height=\"423\" srcset=\"https:\/\/vitamin.webmaudep.net\/wp-content\/uploads\/2020\/09\/slim-lucy-300x300.jpg 300w, https:\/\/vitamin.webmaudep.net\/wp-content\/uploads\/2020\/09\/slim-lucy-100x100.jpg 100w, https:\/\/vitamin.webmaudep.net\/wp-content\/uploads\/2020\/09\/slim-lucy-150x150.jpg 150w, https:\/\/vitamin.webmaudep.net\/wp-content\/uploads\/2020\/09\/slim-lucy.jpg 600w\" sizes=\"(max-width: 423px) 100vw, 423px\" \/><\/p>\n<p><img decoding=\"async\" loading=\"lazy\" class=\"alignnone size-medium wp-image-1922 aligncenter\" src=\"http:\/\/vitamin.webmaudep.net\/wp-content\/uploads\/2018\/12\/hotline-1-300x89.png\" alt=\"\" width=\"300\" height=\"89\" srcset=\"https:\/\/vitamin.webmaudep.net\/wp-content\/uploads\/2018\/12\/hotline-1-300x89.png 300w, https:\/\/vitamin.webmaudep.net\/wp-content\/uploads\/2018\/12\/hotline-1.png 411w\" sizes=\"(max-width: 300px) 100vw, 300px\" \/><\/p>\n<h3 style=\"text-align: justify;\"><span style=\"color: #008000;\"><strong>T\u00e1c d\u1ee5ng gi\u1ea3m c\u00e2n c\u1ee7a Slim Lucy nh\u01b0 th\u1ebf n\u00e0o<\/strong><\/span><\/h3>\n<p style=\"text-align: justify;\">S\u00fat c\u00e2n nhanh ch\u00f3ng<\/p>\n<p style=\"text-align: justify;\">Da v\u00f9ng gi\u1ea3m c\u00e2n s\u0103n ch\u1eafc, kh\u00f4ng ch\u1ea3y x\u1ec7, c\u1ea3i thi\u1ec7n t\u1ed1i \u01b0u t\u00ecnh tr\u1ea1ng da s\u1ea7n v\u1ecf cam sau sinh<\/p>\n<p style=\"text-align: justify;\">L\u1ea5y l\u1ea1i c\u01a1 sau m\u00fai cho c\u00e1c anh b\u1ee5ng bia<\/p>\n<p style=\"text-align: justify;\">Hi\u1ec7u qu\u1ea3 duy tr\u00ec l\u00e2u d\u00e0i, kh\u00f4ng t\u00e1i b\u00e9o.<\/p>\n<p style=\"text-align: justify;\">S\u1ea3n ph\u1ea9m gi\u1ea3m c\u00e2n d\u00f9ng \u0111\u01b0\u1ee3c cho ph\u1ee5 n\u1eef sau sinh. <a href=\"http:\/\/vitamin.webmaudep.net\/san-pham\/vien-giam-can-seven-days-giam-can-trong-7-ngay\/\">Gi\u1ea3m c\u00e2n r\u1ea5t hi\u1ec7u qu\u1ea3<\/a> \u1edf giai \u0111o\u1ea1n n\u00e0y do m\u1ee1 \u1edf giai \u0111o\u1ea1n n\u00e0y ch\u1ee7 y\u1ebfu l\u00e0 <a href=\"http:\/\/vitamin.webmaudep.net\/san-pham\/vien-giam-can-baschi-cam-thai-lan\/\">m\u1ee1 m\u1ec1m<\/a>, ch\u01b0a ch\u1eafc do m\u1edbi t\u00edch t\u1ee5. V\u00ec v\u1eady, s\u1eed d\u1ee5ng Gi\u1ea3m c\u00e2n Slim Lucy s\u1ebd gi\u1ea3m r\u1ea5t nhanh.<\/p>\n<p style=\"text-align: justify;\">Gi\u00fap an th\u1ea7n , ng\u1ee7 ngon ,\u0111i\u1ec1u h\u00f2a huy\u1ebft \u00e1p<\/p>\n<p>&nbsp;<\/p>\n<h3 style=\"text-align: justify;\"><span style=\"color: #008000;\"><strong>\u0110\u1ed1i t\u01b0\u1ee3ng s\u1eed d\u1ee5ng<\/strong><\/span><\/h3>\n<p style=\"text-align: justify;\">Ng\u01b0\u1eddi th\u1eeba c\u00e2n, b\u00e9o ph\u00ec .<\/p>\n<p style=\"text-align: justify;\">Ng\u01b0\u1eddi c\u01a1 \u0111\u1ecba kh\u00f3 gi\u1ea3m c\u00e2n,<\/p>\n<p style=\"text-align: justify;\">Ng\u01b0\u1eddi m\u1ee1 m\u00e1u cao, gan nhi\u1ec5m m\u1ee1<\/p>\n<p style=\"text-align: justify;\">Ph\u1ee5 n\u1eef t\u0103ng c\u00e2n nhi\u1ec1u sau sinh, ph\u1ee5 n\u1eef \u0111ang cho con b\u00fa.<\/p>\n<p style=\"text-align: justify;\">Ng\u01b0\u1eddi \u0111\u00e3 d\u00f9ng nhi\u1ec1u m\u1eabu gi\u1ea3m c\u00e2n kh\u00e1c m\u00e0 kh\u00f4ng hi\u1ec7u qu\u1ea3.<\/p>\n<p><img decoding=\"async\" loading=\"lazy\" class=\"alignnone wp-image-2190 aligncenter\" src=\"http:\/\/vitamin.webmaudep.net\/wp-content\/uploads\/2020\/09\/thu\u1ed1c-gi\u1ea3m-c\u00e2n-slim-lucy-300x300.jpg\" alt=\"slim lucy gi\u1ea3m c\u00e2n\" width=\"352\" height=\"352\" srcset=\"https:\/\/vitamin.webmaudep.net\/wp-content\/uploads\/2020\/09\/thu\u1ed1c-gi\u1ea3m-c\u00e2n-slim-lucy-300x300.jpg 300w, https:\/\/vitamin.webmaudep.net\/wp-content\/uploads\/2020\/09\/thu\u1ed1c-gi\u1ea3m-c\u00e2n-slim-lucy-100x100.jpg 100w, https:\/\/vitamin.webmaudep.net\/wp-content\/uploads\/2020\/09\/thu\u1ed1c-gi\u1ea3m-c\u00e2n-slim-lucy-150x150.jpg 150w, https:\/\/vitamin.webmaudep.net\/wp-content\/uploads\/2020\/09\/thu\u1ed1c-gi\u1ea3m-c\u00e2n-slim-lucy.jpg 600w\" sizes=\"(max-width: 352px) 100vw, 352px\" \/><\/p>\n<p><img decoding=\"async\" loading=\"lazy\" class=\"alignnone size-medium wp-image-1920 aligncenter\" src=\"http:\/\/vitamin.webmaudep.net\/wp-content\/uploads\/2019\/01\/mua-ngay-300x145.png\" alt=\"\" width=\"300\" height=\"145\" srcset=\"https:\/\/vitamin.webmaudep.net\/wp-content\/uploads\/2019\/01\/mua-ngay-300x145.png 300w, https:\/\/vitamin.webmaudep.net\/wp-content\/uploads\/2019\/01\/mua-ngay-600x290.png 600w, https:\/\/vitamin.webmaudep.net\/wp-content\/uploads\/2019\/01\/mua-ngay-768x371.png 768w, https:\/\/vitamin.webmaudep.net\/wp-content\/uploads\/2019\/01\/mua-ngay.png 1000w\" sizes=\"(max-width: 300px) 100vw, 300px\" \/><\/p>\n<h3 style=\"text-align: justify;\"><span style=\"color: #008000;\"><strong>C\u00e1ch d\u00f9ng<\/strong><\/span><\/h3>\n<p style=\"text-align: justify;\">Ng\u00e0y u\u1ed1ng 1 vi\u00ean tr\u01b0\u1edbc khi \u0103n s\u00e1ng 15-30 ph\u00fat<\/p>\n<p style=\"text-align: justify;\">U\u1ed1ng nhi\u1ec1u n\u01b0\u1edbc<\/p>\n<p style=\"text-align: justify;\">Slim Lucy l\u1ecd 40 vi\u00ean<\/p>\n<p style=\"text-align: justify;\">Xu\u1ea5t x\u1ee9: Th\u00e1i Lan<\/p>\n<p>&nbsp;<\/p>\n<h3 style=\"text-align: justify;\"><span style=\"color: #008000;\"><strong>Slim lucy c\u00f3 th\u1ef1c s\u1ef1 t\u1ed1t kh\u00f4ng<\/strong><\/span><\/h3>\n<ul style=\"text-align: justify;\">\n<li>S\u1ea3n ph\u1ea9m \u0111\u01b0\u1ee3c b\u00e0o ch\u1ebf t\u1eeb c\u00e1c th\u00e0nh ph\u1ea7n t\u1ef1 nhi\u00ean kh\u00f4ng \u0111\u1ec3 l\u1ea1i t\u00e1c d\u1ee5ng ph\u1ee5 n\u00e0o trong su\u1ed1t th\u1eddi gian s\u1eed d\u1ee5ng thu\u1ed1c<\/li>\n<li>Kh\u00f4ng b\u1ecb t\u0103ng c\u00e2n tr\u1edf l\u1ea1i sau khi ng\u01b0ng s\u1eed d\u1ee5ng s\u1ea3n ph\u1ea9m.<\/li>\n<li>An to\u00e0n tuy\u1ec7t \u0111\u1ed1i v\u1edbi ph\u1ee5 n\u1eef sau sinh v\u00e0 ph\u1ee5 n\u1eef \u0111ang cho con b\u00fa.<\/li>\n<li>Ph\u00f9 h\u1ee3p v\u1edbi m\u1ecdi c\u01a1 \u0111\u1ecba, \u0111\u1eb7c bi\u1ec7t l\u00e0 c\u01a1 \u0111\u1ecba kh\u00f3 gi\u1ea3m c\u00e2n<\/li>\n<\/ul>\n<h4><\/h4>\n<h4 style=\"text-align: justify;\"><span style=\"color: #008000;\">V\u00ec gi\u1ea3m c\u00e2n qu\u00e1 t\u1ed1t n\u00ean Slim Lucy nh\u1eadn \u0111\u01b0\u1ee3c nhi\u1ec1u ph\u1ea3n h\u1ed3i t\u00edch c\u1ef1c t\u1eeb kh\u00e1ch h\u00e0ng:<\/span><\/h4>\n<p style=\"text-align: justify;\">+ T\u00e0i kho\u1ea3n V\u00e2n Ph\u1ea1m cho bi\u1ebft: \u201c <em>M\u00ecnh m\u1edbi d\u00f9ng \u0111\u01b0\u1ee3c 7 ng\u00e0y m\u00e0 th\u1ea5y ng\u01b0\u1eddi thon g\u1ecdn nh\u1eb9 h\u1eb3n m\u1eb7c \u0111\u1ed3 c\u00f3 l\u1ecfng r\u1ed3i c\u00e2n th\u1eed th\u00ec c\u00f3 gi\u1ea3m 1kg m\u1edbi d\u00f9ng 7 ng\u00e0y m\u1ecdi ng\u01b0\u1eddi \u1ea1<\/em>\u201d<\/p>\n<p style=\"text-align: justify;\">+ \u201c<em>Khi s\u1eed d\u1ee5ng thu\u1ed1c n\u00e0y m\u00ecnh kh\u00f4ng th\u1ea5y m\u1ec7t, c\u1ea3m gi\u00e1c kh\u00f3 ch\u1ecbu bu\u1ed3n n\u00f4n nh\u01b0 c\u00e1c thu\u1ed1c tr\u01b0\u1edbc m\u00ecnh \u0111\u00e3 s\u1eed d\u1ee5ng, s\u1ea3n ph\u1ea9m gi\u1ea3m th\u00e8m \u0103n d\u00f9ng m\u1edbi 1 tu\u1ea7n m\u00e0 gi\u1ea3m 2kg th\u1ea5y ng\u01b0\u1eddi nh\u1eb9 h\u1eb3n. h\u1ebft h\u1ed9p ch\u1eafc OK h\u01a1n<\/em>\u201d- Ch\u1ecb H\u01b0\u01a1ng Qu\u1ef3nh, 36 tu\u1ed5i chia s\u1ebb.<\/p>\n<p style=\"text-align: justify;\">V\u1edbi kinh nghi\u1ec7m 6 n\u0103m b\u00e1n c\u00e1c s\u1ea3n ph\u1ea9m gi\u1ea3m c\u00e2n, l\u00e0m \u0111\u1eb9p ch\u00ednh h\u00e3ng n\u00f3i chung, s\u1ea3n ph\u1ea9m gi\u1ea3m c\u00e2n Slim Lucy n\u00f3i ri\u00eang ch\u00fang t\u00f4i c\u00f3 \u0111\u1ea7y \u0111\u1ee7 ki\u1ebfn th\u1ee9c v\u00e0 kinh nghi\u1ec7m gi\u00fap qu\u00fd kh\u00e1ch s\u1eed d\u1ee5ng s\u1ea3n ph\u1ea9m \u0111\u01b0\u1ee3c t\u1ed1t nh\u1ea5t. \u0110\u1ec3 \u0111\u01b0\u1ee3c t\u01b0 v\u1ea5n v\u00e0 mua \u0111\u01b0\u1ee3c s\u1ea3n ph\u1ea9m ch\u00ednh h\u00e3ng an to\u00e0n c\u00e1c b\u1ea1n c\u00f3 th\u1ec3 xem t\u1ea1i Vitamintot.com ho\u1eb7c li\u00ean h\u1ec7 hotline ch\u00fang t\u00f4i nh\u00e9 : 0961 684 655 \/ 0243999 0066<\/p>\n<p style=\"text-align: justify;\">Ch\u00fang t\u00f4i l\u00e0 shop duy nh\u1ea5t cam k\u1ebft h\u00e0ng ch\u00ednh h\u00e3ng c\u1ee7a c\u00f4ng ty. S\u1ea3n ph\u1ea9m \u0111\u1ea7y \u0111\u1ee7 tem, tem ph\u1ee5, h\u01b0\u1edbng d\u1eabn s\u1eed d\u1ee5ng.<\/p>\n<p>&nbsp;<\/p>\n<h3 style=\"text-align: justify;\"><span style=\"color: #008000;\">B\u1ea1n ki\u1ec3m tra s\u1ea3n ph\u1ea9m nh\u01b0 th\u1ebf n\u00e0o khi mua h\u00e0ng?<\/span><\/h3>\n<p style=\"text-align: justify;\">B\u1ea1n Ki\u1ec3m tra s\u1ea3n ph\u1ea9m CH\u00cdNH H\u00c3NG th\u00f4ng qua check m\u00e3 v\u1ea1ch v\u00e0 m\u00e3 Qrc tr\u00ean ph\u1ea7n m\u1ec1m check m\u00e3 v\u1ea1ch, nh\u01b0 Icheck b\u1ea1n nh\u00e9.<\/p>\n<div style=\"width: 224px;\" class=\"wp-video\"><!--[if lt IE 9]><script>document.createElement('video');<\/script><![endif]-->\n<video class=\"wp-video-shortcode\" id=\"video-2187-1\" width=\"224\" height=\"400\" preload=\"metadata\" controls=\"controls\"><source type=\"video\/mp4\" src=\"http:\/\/vitamin.webmaudep.net\/wp-content\/uploads\/2020\/09\/video-1038130864.mp4?_=1\" \/><a href=\"http:\/\/vitamin.webmaudep.net\/wp-content\/uploads\/2020\/09\/video-1038130864.mp4\">http:\/\/vitamin.webmaudep.net\/wp-content\/uploads\/2020\/09\/video-1038130864.mp4<\/a><\/video><\/div>\n<h3><\/h3>\n<h3><\/h3>\n<h3 style=\"text-align: justify;\"><span style=\"color: #008000;\"><strong>Vi\u00ean u\u1ed1ng gi\u1ea3m c\u00e2n Slim Lucy gi\u00e1 bao nhi\u00eau?<\/strong><\/span><\/h3>\n<p style=\"text-align: justify;\">Gi\u1ea3m c\u00e2n Slim Lucy ch\u00ednh h\u00e3ng ch\u00ednh h\u00e3ng gi\u00e1 450.000 \u0111. \u0110\u1eb7c bi\u1ec7t trong th\u00e1ng Shop Vitamintot c\u00f3 ch\u01b0\u01a1ng tr\u00ecnh khuy\u1ebfn m\u00e3i tri \u00e2n kh\u00e1ch h\u00e0ng n\u00ean gi\u00e1 khuy\u1ebfn m\u00e3i ch\u1ec9 c\u00f2n 400.000 \u0111 \u2013 Mi\u1ec5n ph\u00ed giao h\u00e0ng to\u00e0n qu\u1ed1c khi mua Gi\u1ea3m c\u00e2n Slim Lucy. Ch\u01b0\u01a1ng tr\u00ecnh khuy\u1ebfn m\u00e3i \u0111\u1eb7c bi\u1ec7t s\u00e2u khi mau t\u1eeb 2 h\u1ed9p. <strong>Li\u00ean h\u1ec7 ch\u00fang t\u00f4i ngay \u0111\u1ec3 c\u00f3 gi\u00e1 khuy\u1ebfn m\u00e3i t\u1ed1t h\u01a1n nh\u00e9.\u00a0<\/strong><\/p>\n<p style=\"text-align: justify;\">Ch\u00fac c\u00e1c b\u1ea1n\u00a0 s\u1ebd l\u1ef1a ch\u1ecdn \u0111\u01b0\u1ee3c cho m\u00ecnh s\u1ea3n ph\u1ea9m t\u1ed1t nh\u1ea5t!<\/p>\n<p style=\"text-align: center;\">\n","protected":false},"excerpt":{"rendered":"<p style=\"text-align: center;\">B\u1ea0N MU\u1ed0N C\u00d3 BODY V\u1ea0N NG\u01af\u1edcI M\u00ca ???<\/p>\n<p style=\"text-align: center;\">SLIM LUCY GI\u1ea2M NGAY 2 KG TRONG TU\u1ea6N \u0110\u1ea6U<\/p>\n<hr \/>\n<p style=\"text-align: center;\"><span style=\"color: #0000ff;\">MI\u1ec4N PH\u00cd GIAO H\u00c0NG TO\u00c0N QU\u1ed0C<\/span><\/p>\n<p>&nbsp;<\/p>\n","protected":false},"featured_media":2190,"comment_status":"open","ping_status":"closed","template":"","meta":[],"product_cat":[756,92],"product_tag":[560,559],"_links":{"self":[{"href":"https:\/\/vitamin.webmaudep.net\/index.php?rest_route=\/wp\/v2\/product\/2187"}],"collection":[{"href":"https:\/\/vitamin.webmaudep.net\/index.php?rest_route=\/wp\/v2\/product"}],"about":[{"href":"https:\/\/vitamin.webmaudep.net\/index.php?rest_route=\/wp\/v2\/types\/product"}],"replies":[{"embeddable":true,"href":"https:\/\/vitamin.webmaudep.net\/index.php?rest_route=%2Fwp%2Fv2%2Fcomments&post=2187"}],"wp:featuredmedia":[{"embeddable":true,"href":"https:\/\/vitamin.webmaudep.net\/index.php?rest_route=\/wp\/v2\/media\/2190"}],"wp:attachment":[{"href":"https:\/\/vitamin.webmaudep.net\/index.php?rest_route=%2Fwp%2Fv2%2Fmedia&parent=2187"}],"wp:term":[{"taxonomy":"product_cat","embeddable":true,"href":"https:\/\/vitamin.webmaudep.net\/index.php?rest_route=%2Fwp%2Fv2%2Fproduct_cat&post=2187"},{"taxonomy":"product_tag","embeddable":true,"href":"https:\/\/vitamin.webmaudep.net\/index.php?rest_route=%2Fwp%2Fv2%2Fproduct_tag&post=2187"}],"curies":[{"name":"wp","href":"https:\/\/api.w.org\/{rel}","templated":true}]}}